{"id":131408,"date":"2023-12-08T12:05:23","date_gmt":"2023-12-08T17:05:23","guid":{"rendered":"https:\/\/idpc.gov.co\/sanjuandedios\/?page_id=131408"},"modified":"2025-06-19T15:05:06","modified_gmt":"2025-06-19T20:05:06","slug":"idpc-ente-gestor-transitorio","status":"publish","type":"page","link":"https:\/\/idpc.gov.co\/sanjuandedios\/idpc-ente-gestor-transitorio","title":{"rendered":"IDPC \u2013 Ente Gestor Transitorio"},"content":{"rendered":"<div class=\"wpb-content-wrapper\"><p>[vc_row row_height_percent=&#8221;64&#8243; back_image=&#8221;133916&#8243; overlay_alpha=&#8221;50&#8243; gutter_size=&#8221;3&#8243; column_width_percent=&#8221;100&#8243; shift_y=&#8221;0&#8243; z_index=&#8221;0&#8243; content_parallax=&#8221;0&#8243; uncode_shortcode_id=&#8221;170717&#8243;][vc_column column_width_percent=&#8221;100&#8243; gutter_size=&#8221;3&#8243; overlay_alpha=&#8221;50&#8243; shift_x=&#8221;0&#8243; shift_y=&#8221;0&#8243; shift_y_down=&#8221;0&#8243; z_index=&#8221;0&#8243; medium_width=&#8221;0&#8243; mobile_width=&#8221;0&#8243; width=&#8221;1\/1&#8243; mobile_height=&#8221;340&#8243;][\/vc_column][\/vc_row][vc_row row_height_percent=&#8221;0&#8243; override_padding=&#8221;yes&#8221; h_padding=&#8221;3&#8243; top_padding=&#8221;2&#8243; bottom_padding=&#8221;3&#8243; overlay_alpha=&#8221;50&#8243; gutter_size=&#8221;3&#8243; column_width_use_pixel=&#8221;yes&#8221; shift_y=&#8221;0&#8243; z_index=&#8221;2&#8243; uncode_shortcode_id=&#8221;140069&#8243;][vc_column column_width_percent=&#8221;100&#8243; align_horizontal=&#8221;align_center&#8221; gutter_size=&#8221;3&#8243; override_padding=&#8221;yes&#8221; column_padding=&#8221;3&#8243; style=&#8221;dark&#8221; back_color=&#8221;color-144270&#8243; overlay_alpha=&#8221;50&#8243; radius=&#8221;std&#8221; shadow=&#8221;lg&#8221; shift_x=&#8221;0&#8243; shift_y=&#8221;-5&#8243; shift_y_fixed=&#8221;yes&#8221; shift_y_down=&#8221;0&#8243; z_index=&#8221;0&#8243; medium_width=&#8221;0&#8243; mobile_width=&#8221;0&#8243; width=&#8221;1\/1&#8243; uncode_shortcode_id=&#8221;974193&#8243; back_color_type=&#8221;uncode-palette&#8221;][vc_custom_heading heading_semantic=&#8221;h6&#8243; text_size=&#8221;h6&#8243; text_transform=&#8221;uppercase&#8221; text_space=&#8221;fontspace-210350&#8243; uncode_shortcode_id=&#8221;122799&#8243;]IDPC &#8211;\u00a0 ENTE GESTOR[\/vc_custom_heading][vc_separator sep_color=&#8221;accent&#8221; uncode_shortcode_id=&#8221;172824&#8243; sep_color_type=&#8221;uncode-palette&#8221;][vc_custom_heading text_size=&#8221;&#8221; uncode_shortcode_id=&#8221;124715&#8243;]<strong>En 2022, el Fondo Financiero Distrital de Salud, como propietario del predio, suscribi\u00f3 el Convenio Marco de Cooperaci\u00f3n 4132438 con el Instituto Distrital de Patrimonio Cultural \u2013 IDPC, designado como Ente Gestor Transitorio del Complejo Hospitalario San Juan de Dios.<\/strong>[\/vc_custom_heading][\/vc_column][\/vc_row][vc_row row_height_percent=&#8221;0&#8243; override_padding=&#8221;yes&#8221; h_padding=&#8221;2&#8243; top_padding=&#8221;2&#8243; bottom_padding=&#8221;3&#8243; overlay_alpha=&#8221;100&#8243; gutter_size=&#8221;3&#8243; column_width_percent=&#8221;100&#8243; shift_y=&#8221;0&#8243; z_index=&#8221;0&#8243; row_height_use_pixel=&#8221;&#8221; uncode_shortcode_id=&#8221;973017&#8243;][vc_column column_width_use_pixel=&#8221;yes&#8221; gutter_size=&#8221;3&#8243; overlay_alpha=&#8221;50&#8243; shift_x=&#8221;0&#8243; shift_y=&#8221;0&#8243; medium_width=&#8221;0&#8243; zoom_width=&#8221;0&#8243; zoom_height=&#8221;0&#8243; column_width_pixel=&#8221;800&#8243;][vc_column_text uncode_shortcode_id=&#8221;434960&#8243;]Desde entonces, el IDPC ha trabajado de forma articulada con la Secretar\u00eda Distrital de Salud, la Empresa de Renovaci\u00f3n y Desarrollo Urbano de Bogot\u00e1 \u2013 RenoBo, la Gobernaci\u00f3n de Cundinamarca y el Ministerio de las Culturas, las Artes y los Saberes \u2013 MinCulturas, para consolidar una ruta com\u00fan que permita implementar el <strong><u><a href=\"https:\/\/idpc.gov.co\/sanjuandedios\/contexto-y-ruta\">Plan Especial de Manejo y Protecci\u00f3n \u2013 PEMP<\/a><\/u><\/strong> del conjunto hospitalario. Esta coordinaci\u00f3n interinstitucional ha sido clave para avanzar en proyectos de conservaci\u00f3n, recuperaci\u00f3n y reactivaci\u00f3n de este patrimonio de la ciudad.<\/p>\n<p>Hoy, el Complejo Hospitalario San Juan de Dios atraviesa una etapa hist\u00f3rica de transformaci\u00f3n: m\u00faltiples edificios se encuentran en obra de forma simult\u00e1nea, marcando un hito en su recuperaci\u00f3n patrimonial y funcional. Desde el IDPC, un equipo t\u00e9cnico especializado realiza seguimiento permanente a los proyectos de dise\u00f1o y obra contratados por RenoBo y MinCulturas, identificando necesidades puntuales para su correcta puesta en funcionamiento. En paralelo, se avanza en la identificaci\u00f3n y valoraci\u00f3n de los bienes muebles presentes en el complejo, con el fin de construir un inventario patrimonial que oriente su custodia, protecci\u00f3n, intervenci\u00f3n y localizaci\u00f3n.<\/p>\n<p>&nbsp;[\/vc_column_text][\/vc_column][\/vc_row][vc_row row_height_percent=&#8221;0&#8243; override_padding=&#8221;yes&#8221; h_padding=&#8221;2&#8243; top_padding=&#8221;0&#8243; bottom_padding=&#8221;0&#8243; overlay_alpha=&#8221;100&#8243; gutter_size=&#8221;3&#8243; column_width_percent=&#8221;100&#8243; shift_y=&#8221;0&#8243; z_index=&#8221;0&#8243; row_height_use_pixel=&#8221;&#8221;][vc_column column_width_percent=&#8221;100&#8243; gutter_size=&#8221;3&#8243; overlay_alpha=&#8221;50&#8243; shift_x=&#8221;0&#8243; shift_y=&#8221;0&#8243; medium_width=&#8221;0&#8243; zoom_width=&#8221;0&#8243; zoom_height=&#8221;0&#8243; width=&#8221;1\/6&#8243;][vc_gallery el_id=&#8221;gallery-4&#8243; isotope_mode=&#8221;fitRows&#8221; medias=&#8221;131912,131905,131908,131906,131907,131909,131910,131911&#8243; gutter_size=&#8221;2&#8243; media_items=&#8221;icon,media|lightbox|original,caption&#8221; screen_lg=&#8221;1000&#8243; screen_md=&#8221;600&#8243; screen_sm=&#8221;480&#8243; single_width=&#8221;3&#8243; images_size=&#8221;three-two&#8221; single_overlay_opacity=&#8221;50&#8243; single_padding=&#8221;1&#8243; single_text_reduced=&#8221;yes&#8221; single_icon=&#8221;fa fa-plus2&#8243; single_border=&#8221;yes&#8221; single_css_animation=&#8221;bottom-t-top&#8221; single_animation_delay=&#8221;200&#8243; lbox_caption=&#8221;yes&#8221; no_double_tap=&#8221;yes&#8221; carousel_rtl=&#8221;&#8221; single_title_uppercase=&#8221;&#8221; single_title_bold=&#8221;yes&#8221; single_title_serif=&#8221;&#8221; onclick=&#8221;link_image&#8221; custom_links_target=&#8221;_self&#8221; single_half_padding=&#8221;yes&#8221; single_no_background=&#8221;yes&#8221; uncode_shortcode_id=&#8221;156520&#8243;][\/vc_column][\/vc_row][vc_row row_height_percent=&#8221;0&#8243; override_padding=&#8221;yes&#8221; h_padding=&#8221;2&#8243; top_padding=&#8221;3&#8243; bottom_padding=&#8221;2&#8243; overlay_alpha=&#8221;100&#8243; gutter_size=&#8221;3&#8243; column_width_percent=&#8221;100&#8243; shift_y=&#8221;0&#8243; z_index=&#8221;0&#8243; row_height_use_pixel=&#8221;&#8221; uncode_shortcode_id=&#8221;303321&#8243;][vc_column column_width_use_pixel=&#8221;yes&#8221; gutter_size=&#8221;3&#8243; overlay_alpha=&#8221;50&#8243; shift_x=&#8221;0&#8243; shift_y=&#8221;0&#8243; medium_width=&#8221;0&#8243; zoom_width=&#8221;0&#8243; zoom_height=&#8221;0&#8243; column_width_pixel=&#8221;800&#8243;][vc_column_text uncode_shortcode_id=&#8221;192353&#8243;]Uno de los principales retos del IDPC como Ente Gestor Transitorio ha sido acompa\u00f1ar y supervisar los procesos de intervenci\u00f3n, as\u00ed como los contratos y convenios suscritos para garantizar servicios estrat\u00e9gicos como seguridad, limpieza, mantenimiento preventivo y correctivo de la infraestructura, y revisi\u00f3n t\u00e9cnica de redes el\u00e9ctricas.<\/p>\n<p>M\u00e1s all\u00e1 de lo t\u00e9cnico, el IDPC ha puesto en marcha una estrategia integral de divulgaci\u00f3n del PEMP, centrada en la activaci\u00f3n social y la salvaguardia del San Juan de Dios. En 2025, con las obras en marcha, esta estrategia se ha volcado hacia el reconocimiento y la participaci\u00f3n activa de los barrios vecinos, con el prop\u00f3sito de fortalecer la memoria viva desde la vecindad y reconstruir los lazos hist\u00f3ricos y afectivos entre las comunidades y el hospital.<\/p>\n<blockquote>\n<p>Gracias a esta apuesta de activaci\u00f3n social, el <u><strong><a href=\"https:\/\/idpc.gov.co\/vecinos-del-san-juan-de-dios-memoria-en-transformacion\/\"> San Juan de Dios vuelve a abrirse a la ciudadan\u00eda<\/a><\/strong><\/u>. Recorridos, laboratorios sociales, bicirecorridos, talleres y activaciones como el dispositivo San Juan viajero \u2014que llega a los barrios\u2014 y \u201cCasa Abierta\u201d \u2014desde el coraz\u00f3n del hospital\u2014 han permitido que cientos de vecinos, trabajadores de la salud, estudiantes y liderazgos comunitarios revitalicen su relaci\u00f3n con el complejo, y resignifiquen las historias de salud, innovaci\u00f3n, lucha y cuidado que han habitado este lugar durante m\u00e1s de cinco siglos.<\/p>\n<\/blockquote>\n<p>Hoy, el San Juan de Dios es un lugar en transformaci\u00f3n. Un espacio donde la memoria se reconstruye colectivamente, gracias al trabajo conjunto entre instituciones y comunidades que siguen reconociendo, habitando y cuidando este patrimonio com\u00fan.[\/vc_column_text][vc_empty_space][\/vc_column][\/vc_row][vc_row][vc_column width=&#8221;1\/1&#8243;][vc_separator sep_color=&#8221;accent&#8221; uncode_shortcode_id=&#8221;264172&#8243; sep_color_type=&#8221;uncode-palette&#8221;][\/vc_column][\/vc_row][vc_row row_height_percent=&#8221;0&#8243; override_padding=&#8221;yes&#8221; h_padding=&#8221;2&#8243; top_padding=&#8221;5&#8243; bottom_padding=&#8221;5&#8243; overlay_alpha=&#8221;50&#8243; equal_height=&#8221;yes&#8221; gutter_size=&#8221;4&#8243; column_width_percent=&#8221;100&#8243; shift_y=&#8221;0&#8243; z_index=&#8221;0&#8243; el_class=&#8221;inverted-device-order&#8221;][vc_column column_width_percent=&#8221;100&#8243; position_vertical=&#8221;middle&#8221; gutter_size=&#8221;3&#8243; overlay_alpha=&#8221;50&#8243; shift_x=&#8221;0&#8243; shift_y=&#8221;0&#8243; shift_y_down=&#8221;0&#8243; z_index=&#8221;0&#8243; medium_width=&#8221;0&#8243; mobile_width=&#8221;0&#8243; width=&#8221;1\/2&#8243;][vc_custom_heading text_color=&#8221;color-144270&#8243; heading_semantic=&#8221;h6&#8243; text_size=&#8221;h6&#8243; text_transform=&#8221;uppercase&#8221; text_space=&#8221;fontspace-210350&#8243; uncode_shortcode_id=&#8221;203720&#8243; text_color_type=&#8221;uncode-palette&#8221;]AVANCES DE OBRA[\/vc_custom_heading][vc_custom_heading text_size=&#8221;&#8221; subheading=&#8221;Este edificio albergar\u00e1 el Museo de la Medina y la Salud de la Universidad Nacional de Colombia. La propuesta busca recuperar la volumetr\u00eda del edificio y replantear su funcionalidad como escenario de exposiciones relacionadas con: la medicina colombiana, el Complejo Hospitalario San Juan de Dios&#8230;&#8221; uncode_shortcode_id=&#8221;822074&#8243;]Edificio Siberia \/ Cocinas y comedores[\/vc_custom_heading][vc_button button_color=&#8221;color-144270&#8243; border_width=&#8221;0&#8243; link=&#8221;url:https%3A%2F%2Fidpc.gov.co%2Fsanjuandedios%2Fedificio-siberia-cocinas-y-comedores|title:Edificio%20Siberia%20%2F%20Cocinas%20y%20comedores&#8221; button_color_type=&#8221;uncode-palette&#8221; uncode_shortcode_id=&#8221;209026&#8243;]VER AVANCE DE OBRA[\/vc_button][\/vc_column][vc_column width=&#8221;1\/2&#8243;][vc_custom_heading text_color=&#8221;color-144270&#8243; heading_semantic=&#8221;h6&#8243; text_size=&#8221;h6&#8243; text_transform=&#8221;uppercase&#8221; text_space=&#8221;fontspace-210350&#8243; uncode_shortcode_id=&#8221;203720&#8243; text_color_type=&#8221;uncode-palette&#8221;]AVANCES DE OBRA[\/vc_custom_heading][vc_custom_heading text_size=&#8221;&#8221; subheading=&#8221;Este edificio ser\u00e1 destinado a la docencia y educaci\u00f3n en salud. Ser\u00e1 un centro de simulaci\u00f3n de las pr\u00e1cticas m\u00e9dicas en salud, por medio de: laboratorios de experimentaci\u00f3n, salas de simulaci\u00f3n, espacios de autoaprendizaje&#8230;&#8221; uncode_shortcode_id=&#8221;797447&#8243;]Edificio de Mantenimiento \/ Lavander\u00eda y mec\u00e1nica[\/vc_custom_heading][vc_button button_color=&#8221;color-144270&#8243; border_width=&#8221;0&#8243; link=&#8221;url:https%3A%2F%2Fidpc.gov.co%2Fsanjuandedios%2Fedificio-de-mantenimiento-lavanderia-y-mecanica|title:Edificio%20de%20Mantenimiento%20%2F%20Lavander%C3%ADa%20y%20mec%C3%A1nica&#8221; button_color_type=&#8221;uncode-palette&#8221; uncode_shortcode_id=&#8221;666417&#8243;]VER AVANCE DE OBRA[\/vc_button][\/vc_column][\/vc_row]<\/p>\n<\/div>","protected":false},"excerpt":{"rendered":"<p>En el a\u00f1o 2022, el Fondo Financiero Distrital de Salud, como propietario del predio, firm\u00f3 el Convenio Marco de Cooperaci\u00f3n 4132438 con el Instituto Distrital de Patrimonio Cultural como Ente Gestor Transitorio del Complejo Hospitalario San Juan de Dios. <\/p>\n","protected":false},"author":2,"featured_media":131903,"parent":0,"menu_order":0,"comment_status":"closed","ping_status":"closed","template":"","meta":{"footnotes":""},"class_list":["post-131408","page","type-page","status-publish","has-post-thumbnail","hentry"],"_links":{"self":[{"href":"https:\/\/idpc.gov.co\/sanjuandedios\/wp-json\/wp\/v2\/pages\/131408","targetHints":{"allow":["GET"]}}],"collection":[{"href":"https:\/\/idpc.gov.co\/sanjuandedios\/wp-json\/wp\/v2\/pages"}],"about":[{"href":"https:\/\/idpc.gov.co\/sanjuandedios\/wp-json\/wp\/v2\/types\/page"}],"author":[{"embeddable":true,"href":"https:\/\/idpc.gov.co\/sanjuandedios\/wp-json\/wp\/v2\/users\/2"}],"replies":[{"embeddable":true,"href":"https:\/\/idpc.gov.co\/sanjuandedios\/wp-json\/wp\/v2\/comments?post=131408"}],"version-history":[{"count":58,"href":"https:\/\/idpc.gov.co\/sanjuandedios\/wp-json\/wp\/v2\/pages\/131408\/revisions"}],"predecessor-version":[{"id":133917,"href":"https:\/\/idpc.gov.co\/sanjuandedios\/wp-json\/wp\/v2\/pages\/131408\/revisions\/133917"}],"wp:featuredmedia":[{"embeddable":true,"href":"https:\/\/idpc.gov.co\/sanjuandedios\/wp-json\/wp\/v2\/media\/131903"}],"wp:attachment":[{"href":"https:\/\/idpc.gov.co\/sanjuandedios\/wp-json\/wp\/v2\/media?parent=131408"}],"curies":[{"name":"wp","href":"https:\/\/api.w.org\/{rel}","templated":true}]}}