{"id":894,"date":"2018-05-21T18:28:23","date_gmt":"2018-05-21T23:28:23","guid":{"rendered":"https:\/\/idpc.gov.co\/publicaciones\/?post_type=product&#038;p=894"},"modified":"2024-04-30T22:10:47","modified_gmt":"2024-05-01T03:10:47","slug":"restauracion-del-templo-de-san-ignacio-en-bogota","status":"publish","type":"product","link":"https:\/\/idpc.gov.co\/publicaciones\/producto\/restauracion-del-templo-de-san-ignacio-en-bogota\/","title":{"rendered":"Restauraci\u00f3n Del Templo De San Ignacio en Bogot\u00e1"},"content":{"rendered":"<p><iframe style=\"border: none; width: 100%; height: 326px;\" src=\"\/\/e.issuu.com\/embed.html?d=san_ignacio__web_&amp;u=patrimoniobogota\" allowfullscreen=\"allowfullscreen\"><\/iframe><\/p>\n","protected":false},"excerpt":{"rendered":"<p>Existen en Bogot\u00e1 una veintena de iglesias coloniales y sin duda una de las m\u00e1s importantes es el templo de San Ignacio, la iglesia que, junto al colegio de San Bartolom\u00e9 y el edificio de Las Aulas (actual Museo Colonial), conforman la denominada Manzana\u00a0Jesu\u00edtica, diagonal a la antigua Plaza Mayor (hoy de Bol\u00edvar).<\/p>\n<p>El templo proyectado por el padre Juan Bautista Coluccini siguiendo el modelo del Ges\u00f9 en Roma, se\u00a0 mantuvo clausurado varios a\u00f1os debido a su delicado estado de conservaci\u00f3n.<\/p>\n<p>Tras los catorce a\u00f1os que duraron los trabajos de restauraci\u00f3n, dirigidos por el arquitecto Ernesto Moure, desde finales de 2017 San Ignacio recobr\u00f3 su esplendor y la capital recuper\u00f3 uno de sus m\u00e1s queridos tesoros hist\u00f3ricos. Esta publicaci\u00f3n recoge las interesantes cr\u00f3nicas del riguroso proceso de rescate de un patrimonio art\u00edstico y arquitect\u00f3nico sin igual en el panorama cultural de la ciudad y del pa\u00eds.<\/p>\n<p>Muchos recursos y esfuerzos se invirtieron durante ese prolongado periodo. Una iglesia magn\u00edfica requer\u00eda de una excelente intervenci\u00f3n, como la que en estas p\u00e1ginas se ilustra. La arquitectura ideada a comienzos del siglo XVII por el padre Coluccini, arquitecto y religioso jesuita de origen toscano, ya majestuosa para la Santaf\u00e9 de entonces, convierten el templo en testimonio de la haza\u00f1a que implic\u00f3 su construcci\u00f3n, y en un compendio de todas las artes, que a\u00fan hoy en d\u00eda nos sorprende: desde la composici\u00f3n espacial, el dise\u00f1o de la fachada y el presbiterio, de rasgos manieristas, la decoraci\u00f3n de la b\u00f3veda de la nave central, la c\u00fapula, la riqu\u00edsima colecci\u00f3n de bienes art\u00edsticos representados en pinturas y esculturas, as\u00ed como la espl\u00e9ndida capilla de San Jos\u00e9, una peque\u00f1a joya escondida del patrimonio bogotano.<\/p>\n<p><strong>Autor: <\/strong>Ernesto Moure<br \/>\n<strong>A\u00f1o:<\/strong> 2019<\/p>\n<p><a href=\"https:\/\/libreriasiglo.com\/selloeditorial\/ipc-instituto-distrital-de-patrimonio-cultural.html\"><img decoding=\"async\" class=\"alignleft wp-image-11899 size-full\" src=\"https:\/\/idpc.gov.co\/publicaciones\/wp-content\/uploads\/2020\/12\/comprar.png\" alt=\"Comprar\" width=\"158\" height=\"49\" \/><\/a><\/p>\n","protected":false},"featured_media":1350,"comment_status":"open","ping_status":"closed","template":"","meta":{"_acf_changed":false},"product_brand":[],"product_cat":[103],"product_tag":[],"class_list":{"0":"post-894","1":"product","2":"type-product","3":"status-publish","4":"has-post-thumbnail","6":"product_cat-proyecciones_y_apuestas","8":"first","9":"instock","10":"shipping-taxable","11":"purchasable","12":"product-type-simple"},"acf":[],"_links":{"self":[{"href":"https:\/\/idpc.gov.co\/publicaciones\/wp-json\/wp\/v2\/product\/894","targetHints":{"allow":["GET"]}}],"collection":[{"href":"https:\/\/idpc.gov.co\/publicaciones\/wp-json\/wp\/v2\/product"}],"about":[{"href":"https:\/\/idpc.gov.co\/publicaciones\/wp-json\/wp\/v2\/types\/product"}],"replies":[{"embeddable":true,"href":"https:\/\/idpc.gov.co\/publicaciones\/wp-json\/wp\/v2\/comments?post=894"}],"wp:featuredmedia":[{"embeddable":true,"href":"https:\/\/idpc.gov.co\/publicaciones\/wp-json\/wp\/v2\/media\/1350"}],"wp:attachment":[{"href":"https:\/\/idpc.gov.co\/publicaciones\/wp-json\/wp\/v2\/media?parent=894"}],"wp:term":[{"taxonomy":"product_brand","embeddable":true,"href":"https:\/\/idpc.gov.co\/publicaciones\/wp-json\/wp\/v2\/product_brand?post=894"},{"taxonomy":"product_cat","embeddable":true,"href":"https:\/\/idpc.gov.co\/publicaciones\/wp-json\/wp\/v2\/product_cat?post=894"},{"taxonomy":"product_tag","embeddable":true,"href":"https:\/\/idpc.gov.co\/publicaciones\/wp-json\/wp\/v2\/product_tag?post=894"}],"curies":[{"name":"wp","href":"https:\/\/api.w.org\/{rel}","templated":true}]}}