{"id":889,"date":"2018-05-18T15:25:19","date_gmt":"2018-05-18T20:25:19","guid":{"rendered":"https:\/\/idpc.gov.co\/publicaciones\/?post_type=product&#038;p=889"},"modified":"2024-04-30T22:10:33","modified_gmt":"2024-05-01T03:10:33","slug":"premio-latinoamericano-de-arquitectura-rogelio-salmona-espacios-abiertos-espacios-colectivos-tercer-ciclo-2018","status":"publish","type":"product","link":"https:\/\/idpc.gov.co\/publicaciones\/producto\/premio-latinoamericano-de-arquitectura-rogelio-salmona-espacios-abiertos-espacios-colectivos-tercer-ciclo-2018\/","title":{"rendered":"Premio latinoamericano de arquitectura Rogelio Salmona. Espacios abiertos\/ espacios colectivos. Tercer ciclo. 2018"},"content":{"rendered":"<div style=\"position: relative; padding-top: max(60%,326px); height: 0; width: 100%;\"><iframe style=\"position: absolute; border: none; width: 100%; height: 100%; left: 0; right: 0; top: 0; bottom: 0;\" src=\"https:\/\/e.issuu.com\/embed.html?d=funsacionsalmona_web&amp;u=patrimoniobogota\" sandbox=\"allow-top-navigation allow-top-navigation-by-user-activation allow-downloads allow-scripts allow-same-origin allow-popups allow-modals allow-popups-to-escape-sandbox\" allowfullscreen=\"allowfullscreen\"><\/iframe><\/div>\n","protected":false},"excerpt":{"rendered":"<p>Desde 2014 y de forma bianual, la Fundaci\u00f3n Rogelio Salmona ha apostado por resaltar los trabajos de arquitectura realizados en distintos lugares de Latinoam\u00e9rica que, m\u00e1s all\u00e1 de ser importantes ejemplos est\u00e9ticos o constructivos, logran dar cuenta de una clara apropiaci\u00f3n colectiva. El esp\u00edritu de este premio busca exaltar el acto pol\u00edtico que supone intervenir las ciudades en funci\u00f3n del encuentro, el reconocimiento del territorio y la generaci\u00f3n de sensibilidad hacia los espacios construidos y vividos por todos, luego de que las obras se ponen a prueba y a merced del paso del tiempo y el disfrute de los ciudadanos.<\/p>\n<p>En ese contexto y desde el \u00e1mbito del patrimonio cultural, consideramos esencial promover la valoraci\u00f3n de nuevos referentes y la creaci\u00f3n de v\u00ednculos s\u00f3lidos entre ciudadanos y ciudades, ya que estamos seguros de que el sentido de apropiaci\u00f3n es el mecanismo que permite que exista el patrimonio cultural o, como bien sucede en este caso, que posibles futuros patrimonios se consoliden en el tiempo desde su funci\u00f3n social e hist\u00f3rica.<\/p>\n<p>Estos lugares y edificios que hoy se piensan de forma consciente a trav\u00e9s de proyectos de arquitectura son los que logran transformar de forma positiva y ejemplificante las nociones de construcci\u00f3n ciudadana y de convivencia. Afianzar y difundir esta admirable iniciativa de la Fundaci\u00f3n Rogelio Salmona es nuestro prop\u00f3sito a trav\u00e9s de esta publicaci\u00f3n, que en su tercera edici\u00f3n mantiene las reflexiones de los jurados nacionales e internacionales, la amplia capacidad de convocatoria, la cuidadosa selecci\u00f3n del material de los proyectos y la destacada presentaci\u00f3n de la obra ganadora. Todo esto para el conocimiento, la divulgaci\u00f3n de los proyectos y la apuesta por mentes, vivencias y espacios cada vez m\u00e1s abiertos y colectivos en nuestra regi\u00f3n.<\/p>\n<p><strong>Autor: <\/strong>Fundaci\u00f3n Rogelio Salmona<br \/>\n<strong>A\u00f1o:<\/strong> 2019<\/p>\n<p><a href=\"https:\/\/libreriasiglo.com\/selloeditorial\/ipc-instituto-distrital-de-patrimonio-cultural.html\"><img decoding=\"async\" class=\"alignleft wp-image-11899 size-full\" src=\"https:\/\/idpc.gov.co\/publicaciones\/wp-content\/uploads\/2020\/12\/comprar.png\" alt=\"Comprar\" width=\"158\" height=\"49\" \/><\/a><\/p>\n","protected":false},"featured_media":1346,"comment_status":"open","ping_status":"closed","template":"","meta":{"_acf_changed":false},"product_brand":[],"product_cat":[103],"product_tag":[],"class_list":{"0":"post-889","1":"product","2":"type-product","3":"status-publish","4":"has-post-thumbnail","6":"product_cat-proyecciones_y_apuestas","8":"first","9":"instock","10":"shipping-taxable","11":"purchasable","12":"product-type-simple"},"acf":[],"_links":{"self":[{"href":"https:\/\/idpc.gov.co\/publicaciones\/wp-json\/wp\/v2\/product\/889","targetHints":{"allow":["GET"]}}],"collection":[{"href":"https:\/\/idpc.gov.co\/publicaciones\/wp-json\/wp\/v2\/product"}],"about":[{"href":"https:\/\/idpc.gov.co\/publicaciones\/wp-json\/wp\/v2\/types\/product"}],"replies":[{"embeddable":true,"href":"https:\/\/idpc.gov.co\/publicaciones\/wp-json\/wp\/v2\/comments?post=889"}],"wp:featuredmedia":[{"embeddable":true,"href":"https:\/\/idpc.gov.co\/publicaciones\/wp-json\/wp\/v2\/media\/1346"}],"wp:attachment":[{"href":"https:\/\/idpc.gov.co\/publicaciones\/wp-json\/wp\/v2\/media?parent=889"}],"wp:term":[{"taxonomy":"product_brand","embeddable":true,"href":"https:\/\/idpc.gov.co\/publicaciones\/wp-json\/wp\/v2\/product_brand?post=889"},{"taxonomy":"product_cat","embeddable":true,"href":"https:\/\/idpc.gov.co\/publicaciones\/wp-json\/wp\/v2\/product_cat?post=889"},{"taxonomy":"product_tag","embeddable":true,"href":"https:\/\/idpc.gov.co\/publicaciones\/wp-json\/wp\/v2\/product_tag?post=889"}],"curies":[{"name":"wp","href":"https:\/\/api.w.org\/{rel}","templated":true}]}}