{"id":883,"date":"2018-05-12T14:52:42","date_gmt":"2018-05-12T19:52:42","guid":{"rendered":"https:\/\/idpc.gov.co\/publicaciones\/?post_type=product&#038;p=883"},"modified":"2024-04-30T22:34:58","modified_gmt":"2024-05-01T03:34:58","slug":"bitacora-civinautas-explora-el-patrimonio-2","status":"publish","type":"product","link":"https:\/\/idpc.gov.co\/publicaciones\/producto\/bitacora-civinautas-explora-el-patrimonio-2\/","title":{"rendered":"Bit\u00e1cora Civinautas. \u00a1Explora el patrimonio!"},"content":{"rendered":"<div style=\"position: relative; padding-top: max(60%,326px); height: 0; width: 100%;\"><iframe style=\"position: absolute; border: none; width: 100%; height: 100%; left: 0; right: 0; top: 0; bottom: 0;\" src=\"https:\/\/e.issuu.com\/embed.html?d=bitacora_9_mayo_ebook__1_&amp;u=patrimoniobogota\" sandbox=\"allow-top-navigation allow-top-navigation-by-user-activation allow-downloads allow-scripts allow-same-origin allow-popups allow-modals allow-popups-to-escape-sandbox\" allowfullscreen=\"allowfullscreen\"><\/iframe><\/div>\n","protected":false},"excerpt":{"rendered":"<p>Desde el Instituto Distrital de Patrimonio Cultural (IDPC) consideramos de vital importancia que los ni\u00f1os, ni\u00f1as, j\u00f3venes y docentes de instituciones educativas en el \u00e1mbito escolar tengan la posibilidad de desarrollar y experimentar procesos de sensibilizaci\u00f3n, apropiaci\u00f3n y exploraci\u00f3n del patrimonio cultural en la ciudad.<\/p>\n<p>A trav\u00e9s del programa Civinautas del IDPC, en alianza con la Secretar\u00eda de Educaci\u00f3n Distrital (SED), apostamos a que, desde hoy, los ni\u00f1os sean para nuestra Bogot\u00e1 del futuro, los que repliquen la valoraci\u00f3n, conservaci\u00f3n y salvaguardia de los bienes y manifestaciones de car\u00e1cter cultural que hoy nos representan.<\/p>\n<p>A trav\u00e9s de esta bit\u00e1cora, esperamos que se pueda emprender un viaje de exploraci\u00f3n por la ciudad, pues aqu\u00ed se registrar\u00e1n las experiencias en clase, los recorridos, los descubrimientos del territorio, y los encuentros con personajes y lugares nuevos.\u00a0 Estructurada a partir de los cuatro m\u00f3dulos que definen el programa (mi cuerpo como primer territorio, los territorios pr\u00f3ximos, mi localidad y Bogot\u00e1, mi patrimonio), confiamos en que el ejercicio de la memoria se realice a trav\u00e9s del goce, la vivencia y el aprendizaje de ser un CIVI-NAUTA, esto es, un viajero de la ciudad y del patrimonio cultural.<\/p>\n<p><strong>Autor: <\/strong>Programa Civinautas-IDPC<br \/>\n<strong>A\u00f1o:<\/strong> 2018<\/p>\n","protected":false},"featured_media":1366,"comment_status":"open","ping_status":"closed","template":"","meta":{"_acf_changed":false},"product_brand":[],"product_cat":[102],"product_tag":[],"class_list":{"0":"post-883","1":"product","2":"type-product","3":"status-publish","4":"has-post-thumbnail","6":"product_cat-exploraciones_y_recorridos","8":"first","9":"instock","10":"shipping-taxable","11":"purchasable","12":"product-type-simple"},"acf":[],"_links":{"self":[{"href":"https:\/\/idpc.gov.co\/publicaciones\/wp-json\/wp\/v2\/product\/883","targetHints":{"allow":["GET"]}}],"collection":[{"href":"https:\/\/idpc.gov.co\/publicaciones\/wp-json\/wp\/v2\/product"}],"about":[{"href":"https:\/\/idpc.gov.co\/publicaciones\/wp-json\/wp\/v2\/types\/product"}],"replies":[{"embeddable":true,"href":"https:\/\/idpc.gov.co\/publicaciones\/wp-json\/wp\/v2\/comments?post=883"}],"wp:featuredmedia":[{"embeddable":true,"href":"https:\/\/idpc.gov.co\/publicaciones\/wp-json\/wp\/v2\/media\/1366"}],"wp:attachment":[{"href":"https:\/\/idpc.gov.co\/publicaciones\/wp-json\/wp\/v2\/media?parent=883"}],"wp:term":[{"taxonomy":"product_brand","embeddable":true,"href":"https:\/\/idpc.gov.co\/publicaciones\/wp-json\/wp\/v2\/product_brand?post=883"},{"taxonomy":"product_cat","embeddable":true,"href":"https:\/\/idpc.gov.co\/publicaciones\/wp-json\/wp\/v2\/product_cat?post=883"},{"taxonomy":"product_tag","embeddable":true,"href":"https:\/\/idpc.gov.co\/publicaciones\/wp-json\/wp\/v2\/product_tag?post=883"}],"curies":[{"name":"wp","href":"https:\/\/api.w.org\/{rel}","templated":true}]}}