{"id":872,"date":"2018-03-08T13:22:37","date_gmt":"2018-03-08T18:22:37","guid":{"rendered":"https:\/\/idpc.gov.co\/publicaciones\/?post_type=product&#038;p=872"},"modified":"2024-04-30T22:26:30","modified_gmt":"2024-05-01T03:26:30","slug":"disputas-monumentales-escultura-y-politica-en-el-centenario-de-la-independencia-bogota-1910","status":"publish","type":"product","link":"https:\/\/idpc.gov.co\/publicaciones\/producto\/disputas-monumentales-escultura-y-politica-en-el-centenario-de-la-independencia-bogota-1910\/","title":{"rendered":"Disputas monumentales. Escultura y pol\u00edtica en el centenario de la independencia (Bogot\u00e1 1910)"},"content":{"rendered":"<div style=\"position: relative; padding-top: max(60%,326px); height: 0; width: 100%;\"><iframe style=\"position: absolute; border: none; width: 100%; height: 100%; left: 0; right: 0; top: 0; bottom: 0;\" src=\"https:\/\/e.issuu.com\/embed.html?d=disputas_monumentales_web&amp;u=patrimoniobogota\" sandbox=\"allow-top-navigation allow-top-navigation-by-user-activation allow-downloads allow-scripts allow-same-origin allow-popups allow-modals allow-popups-to-escape-sandbox\" allowfullscreen=\"allowfullscreen\"><\/iframe><\/div>\n","protected":false},"excerpt":{"rendered":"<p>En el contexto de la conmemoraci\u00f3n del bicentenario de la independencia, la elaboraci\u00f3n y consolidaci\u00f3n de nuestros s\u00edmbolos y epopeyas comprende un proceso que lejos de ser neutral o un\u00edvoco, parte de tensiones y negociaciones pol\u00edticas y, a la vez, simb\u00f3licas. Hoy, cuando la \u201cdesfiguraci\u00f3n\u201d del monumento \u2013como lo mencionara Rosalind Krauss en<em> La Escultura en el espacio expandido<\/em> en 1994\u2013 hace parte de nuestra cotidianidad, nos cuesta entender a las esculturas en espacio p\u00fablico como objetos en los que de forma privilegiada se materializaron estas luchas de sentido siglos atr\u00e1s.<\/p>\n<p>Si con la instalaci\u00f3n de la primera escultura en el espacio p\u00fablico en la ciudad en 1846, el Sim\u00f3n Bol\u00edvar de Pietro Tenerani, se dar\u00eda la pauta para equiparar al artista-genio, al h\u00e9roe y al lugar de su ubicaci\u00f3n, ya para la celebraci\u00f3n del Centenario de la Independencia en Bogot\u00e1 en 1910 se consolidar\u00edan los argumentos para la contrataci\u00f3n de artistas extranjeros por encima de los nacionales para la elaboraci\u00f3n de monumentos, la definici\u00f3n de la forma y atributos con los que deb\u00edan ser representados, pero tambi\u00e9n los discursos contrapuestos de las \u00e9lites en el ejercicio de la instrumentalizaci\u00f3n de la historia.<\/p>\n<p><em>Disputas monumentales<\/em>, investigaci\u00f3n realizada por Carolina Vanegas y que hoy edita el Instituto Distrital de Patrimonio Cultural (IDPC), busca complejizar la visi\u00f3n que tenemos sobre los monumentos y hacer evidentes los viceversas y las contradicciones en el entendimiento de su existencia material y simb\u00f3lica. Tambi\u00e9n nos incita a pensar, que si bien existen las disputas, tambi\u00e9n median los acuerdos como negociaciones de significado de estos monumentos y que por lo tanto, hoy en d\u00eda podemos proponer nuevas acciones para generar ideas renovadas hacia ellos.<\/p>\n<p>Aun cuando algunas de estas esculturas hayan cambiado de lugar respecto a su ubicaci\u00f3n original, o su l\u00f3gica resulte ajena para muchos, la iniciativa de realizar esta publicaci\u00f3n desde el IDPC va de la mano de las acciones que la entidad adelanta en favor de la conservaci\u00f3n, recuperaci\u00f3n y adopci\u00f3n de las esculturas en el espacio p\u00fablico de la capital, pero especialmente de su comprensi\u00f3n y apropiaci\u00f3n por parte de la ciudadan\u00eda, todo esto en el marco de las celebraciones del Bicentenario de la Independencia en Bogot\u00e1.<\/p>\n<p><strong>Autora:<\/strong> Carolina Vanegas.<br \/>\n<strong>A\u00f1o:<\/strong> 2019<\/p>\n<p><a href=\"https:\/\/libreriasiglo.com\/selloeditorial\/ipc-instituto-distrital-de-patrimonio-cultural.html\"><img decoding=\"async\" class=\"alignleft wp-image-11899 size-full\" src=\"https:\/\/idpc.gov.co\/publicaciones\/wp-content\/uploads\/2020\/12\/comprar.png\" alt=\"Comprar\" width=\"158\" height=\"49\" \/><\/a><\/p>\n","protected":false},"featured_media":1360,"comment_status":"open","ping_status":"closed","template":"","meta":{"_acf_changed":false},"product_brand":[],"product_cat":[101],"product_tag":[],"class_list":{"0":"post-872","1":"product","2":"type-product","3":"status-publish","4":"has-post-thumbnail","6":"product_cat-lugares_y_tiempos","8":"first","9":"instock","10":"shipping-taxable","11":"purchasable","12":"product-type-simple"},"acf":[],"_links":{"self":[{"href":"https:\/\/idpc.gov.co\/publicaciones\/wp-json\/wp\/v2\/product\/872","targetHints":{"allow":["GET"]}}],"collection":[{"href":"https:\/\/idpc.gov.co\/publicaciones\/wp-json\/wp\/v2\/product"}],"about":[{"href":"https:\/\/idpc.gov.co\/publicaciones\/wp-json\/wp\/v2\/types\/product"}],"replies":[{"embeddable":true,"href":"https:\/\/idpc.gov.co\/publicaciones\/wp-json\/wp\/v2\/comments?post=872"}],"wp:featuredmedia":[{"embeddable":true,"href":"https:\/\/idpc.gov.co\/publicaciones\/wp-json\/wp\/v2\/media\/1360"}],"wp:attachment":[{"href":"https:\/\/idpc.gov.co\/publicaciones\/wp-json\/wp\/v2\/media?parent=872"}],"wp:term":[{"taxonomy":"product_brand","embeddable":true,"href":"https:\/\/idpc.gov.co\/publicaciones\/wp-json\/wp\/v2\/product_brand?post=872"},{"taxonomy":"product_cat","embeddable":true,"href":"https:\/\/idpc.gov.co\/publicaciones\/wp-json\/wp\/v2\/product_cat?post=872"},{"taxonomy":"product_tag","embeddable":true,"href":"https:\/\/idpc.gov.co\/publicaciones\/wp-json\/wp\/v2\/product_tag?post=872"}],"curies":[{"name":"wp","href":"https:\/\/api.w.org\/{rel}","templated":true}]}}