{"id":754,"date":"2018-05-03T17:38:27","date_gmt":"2018-05-03T22:38:27","guid":{"rendered":"https:\/\/idpc.gov.co\/publicaciones\/?post_type=product&#038;p=754"},"modified":"2024-04-30T22:34:53","modified_gmt":"2024-05-01T03:34:53","slug":"pontifices-en-bogota-devocion-patrimonio-religioso-y-urbanismo","status":"publish","type":"product","link":"https:\/\/idpc.gov.co\/publicaciones\/producto\/pontifices-en-bogota-devocion-patrimonio-religioso-y-urbanismo\/","title":{"rendered":"Pont\u00edfices en Bogot\u00e1. Devoci\u00f3n, patrimonio religioso y urbanismo"},"content":{"rendered":"<p><iframe style=\"border: none; width: 100%; height: 326px;\" src=\"\/\/e.issuu.com\/embed.html?d=pont_fices_2018&amp;u=patrimoniobogota\" allowfullscreen=\"allowfullscreen\"><\/iframe><\/p>\n","protected":false},"excerpt":{"rendered":"<p>El 1969 cuando el Museo de Desarrollo Urbano (hoy Museo de Bogot\u00e1) abri\u00f3 sus puertas, el alcalde Virgilio Barco Vargas en su discurso de inauguraci\u00f3n pronunci\u00f3 las siguientes palabras: \u201cquiero hacer menci\u00f3n de un sal\u00f3n especial dedicado al Congreso Eucar\u00edstico Internacional. Sobra cualquier comentario sobre la importancia que para Colombia y Latinoam\u00e9rica tuvo este acontecimiento. En sala especial lo recordamos quienes lo vivimos y lo revivir\u00e1n quienes vendr\u00e1n en el futuro. Fue ese un momento en el que Bogot\u00e1 y sus habitantes demostraron su civismo y su cultura que no dudarlo constituyeron frente al mundo el antibogotazo definitivo\u201d.<\/p>\n<p>El Congreso Eucar\u00edstico enmarc\u00f3 la visita del sumo pont\u00edfice Pablo VI a Bogot\u00e1, que como personaje hist\u00f3rico impact\u00f3 profundamente la vida urbana de la ciudad. La apertura de una sala en el Museo de Desarrollo Urbano dedicada a rememorar la visita del papa en el marco del Congreso habla de su importancia en relaci\u00f3n con las obras urbanas que se desarrollaron para preparar a Bogot\u00e1 en miras a su recibimiento y al de una gran cantidad de peregrinos y turistas que para entonces arribaron a la ciudad.<\/p>\n<p>En este mismo sentido, la visita del Papa Francisco a la ciudad de Bogot\u00e1 y a Colombia en septiembre de 2017 constituy\u00f3 un acontecimiento de suma importancia y de gran trascendencia para su historia. Cuando Pablo VI visit\u00f3 a Bogot\u00e1 en 1968, la insurgencia guerrillera estaba naciendo y con ello se abri\u00f3 una dolorosa etapa de violencia en el pa\u00eds que vino a culminarse en 2016. Como si se tratara del cierre de un ciclo hist\u00f3rico, el acuerdo de paz entre el Gobierno Nacional y la guerrilla de las FARC coincidi\u00f3 con la visita del Papa Francisco.<\/p>\n<p>Por tercera vez un sumo pont\u00edfice visitaba la capital de Colombia y como en las dos ocasiones anteriores (en 1986 Juan Pablo II visit\u00f3 Bogot\u00e1), la ciudad se prepar\u00f3 para una visita que conmocion\u00f3 y alter\u00f3 por unos d\u00edas la vida cotidiana de la ciudadan\u00eda. El Instituto Distrital de Patrimonio Cultural se uni\u00f3 a este acontecimiento hist\u00f3rico llevando a cabo una serie de intervenciones de enlucimiento de algunos monumentos y fachadas que forman parte del patrimonio de la ciudad, los cuales se encontraban en la ruta o formaban parte de la visita del santo padre, y a su vez, realiz\u00f3 en el Museo de Bogot\u00e1 la exposici\u00f3n Pont\u00edfices en Bogot\u00e1: devoci\u00f3n, patrimonio religioso y urbanismo con el \u00e1nimo de hacer memoria y recordar c\u00f3mo fueron las anteriores visitas de Pablo VI en 1968 y de Juan Pablo II en 1986.<\/p>\n<p>Por medio de esta muestra se propuso resaltar parte del patrimonio religioso de la ciudad ubicado en la Plaza de Bol\u00edvar, principal escenario de encuentro de los pont\u00edfices con los fieles cat\u00f3licos, y aprovechando que el Papa Francisco forma parte de la comunidad jesuita se plante\u00f3 tambi\u00e9n hacer una breve muestra del legado de esta comunidad en la llamada manzana jesu\u00edtica. La exposici\u00f3n y esta publicaci\u00f3n hacen evidentes el impacto urbano y social que tuvieron en tres generaciones diferentes las visitas de los \u00faltimos pont\u00edfices romanos, Pablo VI, Juan Pablo II y el Papa Francisco; lo cual se evidencia en una serie de fotograf\u00edas acompa\u00f1adas y soportadas con objetos conmemorativos.<\/p>\n<p><strong>Autor:<\/strong> Alfredo Bar\u00f3n Leal\/Instituto Distrital de Patrimonio Cultural<br \/>\n<strong>A\u00f1o:<\/strong> 2017<\/p>\n","protected":false},"featured_media":6856,"comment_status":"open","ping_status":"closed","template":"","meta":{"_acf_changed":false},"product_brand":[],"product_cat":[102,105],"product_tag":[],"class_list":{"0":"post-754","1":"product","2":"type-product","3":"status-publish","4":"has-post-thumbnail","6":"product_cat-exploraciones_y_recorridos","7":"product_cat-memorias_museo","9":"first","10":"instock","11":"shipping-taxable","12":"purchasable","13":"product-type-simple"},"acf":[],"_links":{"self":[{"href":"https:\/\/idpc.gov.co\/publicaciones\/wp-json\/wp\/v2\/product\/754","targetHints":{"allow":["GET"]}}],"collection":[{"href":"https:\/\/idpc.gov.co\/publicaciones\/wp-json\/wp\/v2\/product"}],"about":[{"href":"https:\/\/idpc.gov.co\/publicaciones\/wp-json\/wp\/v2\/types\/product"}],"replies":[{"embeddable":true,"href":"https:\/\/idpc.gov.co\/publicaciones\/wp-json\/wp\/v2\/comments?post=754"}],"wp:featuredmedia":[{"embeddable":true,"href":"https:\/\/idpc.gov.co\/publicaciones\/wp-json\/wp\/v2\/media\/6856"}],"wp:attachment":[{"href":"https:\/\/idpc.gov.co\/publicaciones\/wp-json\/wp\/v2\/media?parent=754"}],"wp:term":[{"taxonomy":"product_brand","embeddable":true,"href":"https:\/\/idpc.gov.co\/publicaciones\/wp-json\/wp\/v2\/product_brand?post=754"},{"taxonomy":"product_cat","embeddable":true,"href":"https:\/\/idpc.gov.co\/publicaciones\/wp-json\/wp\/v2\/product_cat?post=754"},{"taxonomy":"product_tag","embeddable":true,"href":"https:\/\/idpc.gov.co\/publicaciones\/wp-json\/wp\/v2\/product_tag?post=754"}],"curies":[{"name":"wp","href":"https:\/\/api.w.org\/{rel}","templated":true}]}}