{"id":713,"date":"2018-05-06T10:59:09","date_gmt":"2018-05-06T15:59:09","guid":{"rendered":"https:\/\/idpc.gov.co\/publicaciones\/?post_type=product&#038;p=713"},"modified":"2024-04-30T22:15:04","modified_gmt":"2024-05-01T03:15:04","slug":"alberto-manrique-martin","status":"publish","type":"product","link":"https:\/\/idpc.gov.co\/publicaciones\/producto\/alberto-manrique-martin\/","title":{"rendered":"Alberto Manrique Mart\u00edn"},"content":{"rendered":"<div style=\"position: relative; padding-top: max(60%,326px); height: 0; width: 100%;\"><iframe style=\"position: absolute; border: none; width: 100%; height: 100%; left: 0; right: 0; top: 0; bottom: 0;\" src=\"https:\/\/e.issuu.com\/embed.html?d=alberto_manrique_mart__n&amp;u=patrimoniobogota\" sandbox=\"allow-top-navigation allow-top-navigation-by-user-activation allow-downloads allow-scripts allow-same-origin allow-popups allow-modals allow-popups-to-escape-sandbox\" allowfullscreen=\"allowfullscreen\"><\/iframe><\/div>\n","protected":false},"excerpt":{"rendered":"<p>Exaltar la labor de arquitectos y firmas de arquitectura que han contribuido al desarrollo de Bogot\u00e1, es la finalidad de la serie Homenajes \/ Arquitectos en Bogot\u00e1, una colecci\u00f3n editorial de trabajos monogr\u00e1ficos acerca de las m\u00e1s significativas figuras de la cultura arquitect\u00f3nica de la capital.<\/p>\n<p>Este primer volumen, dedicado a Alberto Manrique Mart\u00edn da muestra clara de las intenciones de la colecci\u00f3n: ediciones muy bien cuidadas, rigurosas en la investigaci\u00f3n y atractivas en la presentaci\u00f3n, con contenidos ricos en ilustraciones \u2013planos y fotograf\u00edas\u2013 y una abundancia de datos que ponen en contexto la obra de los arquitectos seleccionados con su momento hist\u00f3rico.<\/p>\n<p>Especial atenci\u00f3n se ha tenido adem\u00e1s en la escogencia de los autores de esta monograf\u00eda, dirigida por los reconocidos profesores Silvia Arango y Jorge Ram\u00edrez, quienes contaron con un equipo de docentes y estudiantes de maestr\u00eda y doctorado de la Facultad de Artes de la Universidad Nacional de Colombia.<\/p>\n<p>Manrique Mart\u00edn es sin duda uno de los principales arquitectos de la primera mitad del siglo XX en el pa\u00eds, prol\u00edfico autor de varias de las m\u00e1s importantes piezas construidas del periodo de transici\u00f3n entre el eclecticismo republicano y la afirmada modernidad. Su obra, como su vida misma, refleja la permanente conciencia de su tiempo, como se puede apreciar, por ejemplo, en la evoluci\u00f3n constante de la amplia producci\u00f3n de viviendas. Hijo del ingeniero espa\u00f1ol Alejandro Manrique Canals (F\u00e1brica de Bavaria, Pasaje Rufino Jos\u00e9 Cuervo), Manrique<\/p>\n<p>Mart\u00edn es autor, entre otros, de la terminaci\u00f3n del Capitolio Nacional \u2013ganador de uno de los primeros concursos en el pa\u00eds\u2013, del Edificio de la Polic\u00eda, el Edificio Cubillos, el Teatro San Jorge, numerosas casas unifamiliares, edificios residenciales y de oficinas, f\u00e1bricas, urbanizaciones y espacios p\u00fablicos, adem\u00e1s de miembro del Concejo Municipal e impulsor de la creaci\u00f3n de la Sociedad Colombiana de Arquitectos.<\/p>\n<p><strong>Autor: <\/strong>Varios\/ Instituto Distrital de Patrimonio Cultural \u2013Universidad Nacional de Colombia<br \/>\n<strong>A\u00f1o:<\/strong> 2017<\/p>\n<p><a href=\"https:\/\/libreriasiglo.com\/selloeditorial\/ipc-instituto-distrital-de-patrimonio-cultural.html\"><img decoding=\"async\" class=\"alignleft wp-image-11899 size-full\" src=\"https:\/\/idpc.gov.co\/publicaciones\/wp-content\/uploads\/2020\/12\/comprar.png\" alt=\"Comprar\" width=\"158\" height=\"49\" \/><\/a><\/p>\n","protected":false},"featured_media":720,"comment_status":"open","ping_status":"closed","template":"","meta":{"_acf_changed":false},"product_brand":[],"product_cat":[91],"product_tag":[],"class_list":{"0":"post-713","1":"product","2":"type-product","3":"status-publish","4":"has-post-thumbnail","6":"product_cat-nombres_propios","8":"first","9":"instock","10":"shipping-taxable","11":"purchasable","12":"product-type-simple"},"acf":[],"_links":{"self":[{"href":"https:\/\/idpc.gov.co\/publicaciones\/wp-json\/wp\/v2\/product\/713","targetHints":{"allow":["GET"]}}],"collection":[{"href":"https:\/\/idpc.gov.co\/publicaciones\/wp-json\/wp\/v2\/product"}],"about":[{"href":"https:\/\/idpc.gov.co\/publicaciones\/wp-json\/wp\/v2\/types\/product"}],"replies":[{"embeddable":true,"href":"https:\/\/idpc.gov.co\/publicaciones\/wp-json\/wp\/v2\/comments?post=713"}],"wp:featuredmedia":[{"embeddable":true,"href":"https:\/\/idpc.gov.co\/publicaciones\/wp-json\/wp\/v2\/media\/720"}],"wp:attachment":[{"href":"https:\/\/idpc.gov.co\/publicaciones\/wp-json\/wp\/v2\/media?parent=713"}],"wp:term":[{"taxonomy":"product_brand","embeddable":true,"href":"https:\/\/idpc.gov.co\/publicaciones\/wp-json\/wp\/v2\/product_brand?post=713"},{"taxonomy":"product_cat","embeddable":true,"href":"https:\/\/idpc.gov.co\/publicaciones\/wp-json\/wp\/v2\/product_cat?post=713"},{"taxonomy":"product_tag","embeddable":true,"href":"https:\/\/idpc.gov.co\/publicaciones\/wp-json\/wp\/v2\/product_tag?post=713"}],"curies":[{"name":"wp","href":"https:\/\/api.w.org\/{rel}","templated":true}]}}