{"id":653,"date":"2018-03-17T16:03:47","date_gmt":"2018-03-17T21:03:47","guid":{"rendered":"https:\/\/idpc.gov.co\/publicaciones\/?post_type=product&#038;p=653"},"modified":"2024-04-30T22:31:29","modified_gmt":"2024-05-01T03:31:29","slug":"bogotalogo-ii-usos-desusos-y-abusos-del-espanol-hablado-en-bogota","status":"publish","type":"product","link":"https:\/\/idpc.gov.co\/publicaciones\/producto\/bogotalogo-ii-usos-desusos-y-abusos-del-espanol-hablado-en-bogota\/","title":{"rendered":"Bogot\u00e1logo II: usos, desusos y abusos del espa\u00f1ol hablado en Bogot\u00e1"},"content":{"rendered":"<div style=\"position: relative; padding-top: max(60%,326px); height: 0; width: 100%;\"><iframe style=\"position: absolute; border: none; width: 100%; height: 100%; left: 0; right: 0; top: 0; bottom: 0;\" src=\"https:\/\/e.issuu.com\/embed.html?d=bogotalogo_web_issu_reducido-ilovep&amp;u=patrimoniobogota\" sandbox=\"allow-top-navigation allow-top-navigation-by-user-activation allow-downloads allow-scripts allow-same-origin allow-popups allow-modals allow-popups-to-escape-sandbox\" allowfullscreen=\"allowfullscreen\"><\/iframe><\/div>\n","protected":false},"excerpt":{"rendered":"<p>En el marco de la Convocatoria\u00a0ciudad y patrimonio 2009,\u00a0organizada por el Instituto\u00a0Distrital de Patrimonio Cultural,\u00a0entidad adscrita a la Secretar\u00eda\u00a0de Cultura, Recreaci\u00f3n y Deporte\u00a0de la Alcald\u00eda Mayor de Bogot\u00e1,\u00a0se invit\u00f3 a la ciudadan\u00eda en\u00a0general a realizar una propuesta\u00a0cuyo resultado final fuera un\u00a0diccionario acerca del espa\u00f1ol\u00a0hablado en Bogot\u00e1.<\/p>\n<p>El proyecto ganador,\u00a0presentado por Andr\u00e9s Ospina\u00a0y hoy publicado bajo el t\u00edtulo\u00a0Bogot\u00e1logo: usos, desusos y\u00a0abusos del espa\u00f1ol hablado\u00a0en Bogot\u00e1, busca, m\u00e1s all\u00e1 de\u00a0ser un inventario de t\u00e9rminos\u00a0exclusivamente cachacos,\u00a0con ejemplos entretenidos\u00a0y muy nuestros, entender a\u00a0Bogot\u00e1 en su diversidad, en\u00a0su heterogeneidad y en su\u00a0dimensi\u00f3n hist\u00f3rica, como\u00a0pretexto para develar la ciudad\u00a0a trav\u00e9s de sus palabras y\u00a0para motivar un di\u00e1logo entre\u00a0generaciones.<\/p>\n<p>El Bogot\u00e1logo invita a dar una\u00a0lectura desprevenida, organizada\u00a0alfab\u00e9ticamente y abundante\u00a0en ejemplos e ilustraciones.\u00a0Pero adem\u00e1s nos presenta un\u00a0destacable n\u00famero de ejemplos\u00a0de uso que, sin descuidar el rigor\u00a0que una investigaci\u00f3n como esta\u00a0exige, no es necesariamente un\u00a0documento para eruditos ni para\u00a0especialistas, lo cual confirma\u00a0la intenci\u00f3n de democratizar<br \/>\nel acceso al conocimiento y de\u00a0no privilegiar los saberes cultos\u00a0en el sentido tradicional de la\u00a0expresi\u00f3n.<\/p>\n<p><strong>Autor:<\/strong> Andr\u00e9s Ospina<br \/>\n<strong>A\u00f1o:<\/strong> 2016 (Tercera edici\u00f3n)<\/p>\n","protected":false},"featured_media":1370,"comment_status":"open","ping_status":"closed","template":"","meta":{"_acf_changed":false},"product_brand":[],"product_cat":[104],"product_tag":[],"class_list":{"0":"post-653","1":"product","2":"type-product","3":"status-publish","4":"has-post-thumbnail","6":"product_cat-expresiones_y_agencias","8":"first","9":"instock","10":"shipping-taxable","11":"purchasable","12":"product-type-simple"},"acf":[],"_links":{"self":[{"href":"https:\/\/idpc.gov.co\/publicaciones\/wp-json\/wp\/v2\/product\/653","targetHints":{"allow":["GET"]}}],"collection":[{"href":"https:\/\/idpc.gov.co\/publicaciones\/wp-json\/wp\/v2\/product"}],"about":[{"href":"https:\/\/idpc.gov.co\/publicaciones\/wp-json\/wp\/v2\/types\/product"}],"replies":[{"embeddable":true,"href":"https:\/\/idpc.gov.co\/publicaciones\/wp-json\/wp\/v2\/comments?post=653"}],"wp:featuredmedia":[{"embeddable":true,"href":"https:\/\/idpc.gov.co\/publicaciones\/wp-json\/wp\/v2\/media\/1370"}],"wp:attachment":[{"href":"https:\/\/idpc.gov.co\/publicaciones\/wp-json\/wp\/v2\/media?parent=653"}],"wp:term":[{"taxonomy":"product_brand","embeddable":true,"href":"https:\/\/idpc.gov.co\/publicaciones\/wp-json\/wp\/v2\/product_brand?post=653"},{"taxonomy":"product_cat","embeddable":true,"href":"https:\/\/idpc.gov.co\/publicaciones\/wp-json\/wp\/v2\/product_cat?post=653"},{"taxonomy":"product_tag","embeddable":true,"href":"https:\/\/idpc.gov.co\/publicaciones\/wp-json\/wp\/v2\/product_tag?post=653"}],"curies":[{"name":"wp","href":"https:\/\/api.w.org\/{rel}","templated":true}]}}