{"id":627,"date":"2018-05-02T15:50:02","date_gmt":"2018-05-02T20:50:02","guid":{"rendered":"https:\/\/idpc.gov.co\/publicaciones\/?post_type=product&#038;p=627"},"modified":"2024-04-30T22:14:55","modified_gmt":"2024-05-01T03:14:55","slug":"dicken-castro-dibujos","status":"publish","type":"product","link":"https:\/\/idpc.gov.co\/publicaciones\/producto\/dicken-castro-dibujos\/","title":{"rendered":"Dicken Castro. Dibujos"},"content":{"rendered":"<p><iframe style=\"border: none; width: 100%; height: 326px;\" src=\"\/\/e.issuu.com\/embed.html?d=diken_web_2017_completo&amp;u=patrimoniobogota\" allowfullscreen=\"allowfullscreen\"><\/iframe><\/p>\n","protected":false},"excerpt":{"rendered":"<p>Luego de una fruct\u00edfera existencia, rodeado de sus creaciones y de su familia, el maestro Dicken Castro nos ha dejado a finales de 2016, a la edad de 94 a\u00f1os. Por su aporte a la cultura nacional y bogotana, por su legado y el grato recuerdo de su calidez personal, el Instituto Distrital de Patrimonio Cultural (IDPC) rinde un merecido homenaje al maestro a trav\u00e9s de la reedici\u00f3n de la agenda Dicken Castro. Dibujos, que muestra ampliamente su sensibilidad y fuerza expresiva.<\/p>\n<p>Con fuertes trazos, utilizando tintas, pasteles y acuarelas, Dicken dibuj\u00f3 constantemente su morada por tanto tiempo, una Suba rural hoy inexistente; retrat\u00f3 personajes reales e imaginarios, pint\u00f3 bodegones y la sencillez de los objetos que encontraba a su alrededor; esboz\u00f3 paisajes urbanos y rurales, calles, c\u00fapulas, castillos, torres, puertas, ventanas, as\u00ed como casas de guadua y chircales. Dibuj\u00f3 monta\u00f1as y costas, bosques, r\u00edos y cascadas, pero sobre todo la exuberante naturaleza de ese tr\u00f3pico que tanto quiso y que tanto lo atrajo, en donde se sent\u00eda a gusto rodeado de flores, palmas y matas de pl\u00e1tano.<\/p>\n<p><strong>Autor:<\/strong> Instituto Distrital de Patrimonio Cultural.<br \/>\n<strong>A\u00f1o:<\/strong> 2016 (2\u00aa. Edici\u00f3n).<\/p>\n<p><a href=\"https:\/\/libreriasiglo.com\/selloeditorial\/ipc-instituto-distrital-de-patrimonio-cultural.html\"><img decoding=\"async\" class=\"alignleft wp-image-11899 size-full\" src=\"https:\/\/idpc.gov.co\/publicaciones\/wp-content\/uploads\/2020\/12\/comprar.png\" alt=\"Comprar\" width=\"158\" height=\"49\" \/><\/a><\/p>\n","protected":false},"featured_media":13550,"comment_status":"open","ping_status":"closed","template":"","meta":{"_acf_changed":false},"product_brand":[],"product_cat":[91],"product_tag":[],"class_list":{"0":"post-627","1":"product","2":"type-product","3":"status-publish","4":"has-post-thumbnail","6":"product_cat-nombres_propios","8":"first","9":"instock","10":"shipping-taxable","11":"purchasable","12":"product-type-simple"},"acf":[],"_links":{"self":[{"href":"https:\/\/idpc.gov.co\/publicaciones\/wp-json\/wp\/v2\/product\/627","targetHints":{"allow":["GET"]}}],"collection":[{"href":"https:\/\/idpc.gov.co\/publicaciones\/wp-json\/wp\/v2\/product"}],"about":[{"href":"https:\/\/idpc.gov.co\/publicaciones\/wp-json\/wp\/v2\/types\/product"}],"replies":[{"embeddable":true,"href":"https:\/\/idpc.gov.co\/publicaciones\/wp-json\/wp\/v2\/comments?post=627"}],"wp:featuredmedia":[{"embeddable":true,"href":"https:\/\/idpc.gov.co\/publicaciones\/wp-json\/wp\/v2\/media\/13550"}],"wp:attachment":[{"href":"https:\/\/idpc.gov.co\/publicaciones\/wp-json\/wp\/v2\/media?parent=627"}],"wp:term":[{"taxonomy":"product_brand","embeddable":true,"href":"https:\/\/idpc.gov.co\/publicaciones\/wp-json\/wp\/v2\/product_brand?post=627"},{"taxonomy":"product_cat","embeddable":true,"href":"https:\/\/idpc.gov.co\/publicaciones\/wp-json\/wp\/v2\/product_cat?post=627"},{"taxonomy":"product_tag","embeddable":true,"href":"https:\/\/idpc.gov.co\/publicaciones\/wp-json\/wp\/v2\/product_tag?post=627"}],"curies":[{"name":"wp","href":"https:\/\/api.w.org\/{rel}","templated":true}]}}