{"id":500,"date":"2018-02-27T15:04:04","date_gmt":"2018-02-27T20:04:04","guid":{"rendered":"https:\/\/idpc.gov.co\/publicaciones\/?post_type=product&#038;p=500"},"modified":"2024-04-30T22:28:31","modified_gmt":"2024-05-01T03:28:31","slug":"en-estado-de-coma","status":"publish","type":"product","link":"https:\/\/idpc.gov.co\/publicaciones\/producto\/en-estado-de-coma\/","title":{"rendered":"En estado de coma"},"content":{"rendered":"<p><iframe style=\"border: none; width: 100%; height: 326px;\" src=\"\/\/e.issuu.com\/embed.html?d=coma&amp;u=patrimoniobogota\" allowfullscreen=\"allowfullscreen\"><\/iframe><\/p>\n","protected":false},"excerpt":{"rendered":"<p><span class=\"subtitulo\">El proyecto \u2018En estado de coma\u2019 de la artista Mar\u00eda Elvira Escall\u00f3n se inici\u00f3 en 2005 como un proyecto documental que buscaba hacer visibles las condiciones del Hospital San Juan de Dios \u2013fundado en 1564, sobresaliente en el pa\u00eds por su nivel de especializaci\u00f3n e infraestructura\u2013, aproxim\u00e1ndose desde el arte a algunas de las situaciones que se viven en el centro hospitalario despu\u00e9s de sumirse en el abandono:<\/span><\/p>\n<p>la inercia de una enorme planta f\u00edsica y equipos, la resistencia sistem\u00e1tica de un peque\u00f1o grupo de empleados que, con medios precarios, dan ox\u00edgeno al \u201cpaciente terminal\u201d, y el proceso de extracci\u00f3n de bienes que ha sufrido el Hospital a trav\u00e9s de las d\u00e9cadas.<\/p>\n<p><strong>Autores:<\/strong> Instituto Distrital de Patrimonio Cultural.<br \/>\n<strong>A\u00f1o:<\/strong> 2010.<\/p>\n<p>&nbsp;<\/p>\n<p><a href=\"https:\/\/idpc.gov.co\/publicaciones\/descargas\/coma.pdf\"><img decoding=\"async\" class=\"alignleft wp-image-11737 size-full\" src=\"https:\/\/idpc.gov.co\/publicaciones\/wp-content\/uploads\/2019\/03\/descargar115.png\" alt=\"\" width=\"158\" height=\"49\" \/><\/a><\/p>\n<p><strong>L<\/strong><strong>icencia de Creative Commons: Atribuci\u00f3n\u00a0\u2013 No comercial\u00a0\u2013\u00a0Sin Derivar.\u00a0Esta licencia solo permite la descarga de esta obra para compartirla con otras personas, siempre y cuando se reconozca su autor\u00eda. La obra no se puede modificar de ninguna manera, ni se puede utilizar comercialmente.<\/strong><\/p>\n","protected":false},"featured_media":578,"comment_status":"open","ping_status":"closed","template":"","meta":{"_acf_changed":false},"product_brand":[],"product_cat":[101,105],"product_tag":[],"class_list":{"0":"post-500","1":"product","2":"type-product","3":"status-publish","4":"has-post-thumbnail","6":"product_cat-lugares_y_tiempos","7":"product_cat-memorias_museo","9":"first","10":"instock","11":"shipping-taxable","12":"purchasable","13":"product-type-simple"},"acf":[],"_links":{"self":[{"href":"https:\/\/idpc.gov.co\/publicaciones\/wp-json\/wp\/v2\/product\/500","targetHints":{"allow":["GET"]}}],"collection":[{"href":"https:\/\/idpc.gov.co\/publicaciones\/wp-json\/wp\/v2\/product"}],"about":[{"href":"https:\/\/idpc.gov.co\/publicaciones\/wp-json\/wp\/v2\/types\/product"}],"replies":[{"embeddable":true,"href":"https:\/\/idpc.gov.co\/publicaciones\/wp-json\/wp\/v2\/comments?post=500"}],"wp:featuredmedia":[{"embeddable":true,"href":"https:\/\/idpc.gov.co\/publicaciones\/wp-json\/wp\/v2\/media\/578"}],"wp:attachment":[{"href":"https:\/\/idpc.gov.co\/publicaciones\/wp-json\/wp\/v2\/media?parent=500"}],"wp:term":[{"taxonomy":"product_brand","embeddable":true,"href":"https:\/\/idpc.gov.co\/publicaciones\/wp-json\/wp\/v2\/product_brand?post=500"},{"taxonomy":"product_cat","embeddable":true,"href":"https:\/\/idpc.gov.co\/publicaciones\/wp-json\/wp\/v2\/product_cat?post=500"},{"taxonomy":"product_tag","embeddable":true,"href":"https:\/\/idpc.gov.co\/publicaciones\/wp-json\/wp\/v2\/product_tag?post=500"}],"curies":[{"name":"wp","href":"https:\/\/api.w.org\/{rel}","templated":true}]}}