{"id":498,"date":"2018-02-22T21:54:39","date_gmt":"2018-02-23T02:54:39","guid":{"rendered":"https:\/\/idpc.gov.co\/publicaciones\/?post_type=product&#038;p=498"},"modified":"2024-04-30T22:28:11","modified_gmt":"2024-05-01T03:28:11","slug":"ciudad-in-visible-grafica-e-iconografia-popular-urbana","status":"publish","type":"product","link":"https:\/\/idpc.gov.co\/publicaciones\/producto\/ciudad-in-visible-grafica-e-iconografia-popular-urbana\/","title":{"rendered":"Ciudad In-Visible: Gr\u00e1fica e iconograf\u00eda popular urbana"},"content":{"rendered":"<p><iframe style=\"border: none; width: 100%; height: 326px;\" src=\"\/\/e.issuu.com\/embed.html?d=ciudad_invisible_web-issu&amp;u=patrimoniobogota\" allowfullscreen=\"allowfullscreen\"><\/iframe><\/p>\n","protected":false},"excerpt":{"rendered":"<p class=\"subtitulo\">Los elementos decorativos de un bus urbano, los carteles promocionales, los Graffiti, los est\u00e9ncil, la publicidad o devociones tan importantes y propagadas como la del Divino Ni\u00f1o en el barrio 20 de Julio, o de la Virgen del Carmen, entre otros, son objetos y lugares de la vida cotidiana y, por su propia cotidianidad, se hace dif\u00edcil entenderlos como parte del paisaje urbano, y sus significados sociales no siempre son \u201cevidentes\u201d.<\/p>\n<p><span lang=\"ES-MX\">Es desde este punto que el Museo de Bogot\u00e1 se convierte en un lugar de encuentro de diversas visiones de la ciudad, y al encarar la gr\u00e1fica y la iconograf\u00eda popular, \u201cse plantea como objetivo poner en evidencia la complejidad de los intercambios culturales que se presentan en el medio urbano\u201d. Este cat\u00e1logo es una muestra del trabajo investigativo que se viene realizando desde el 2000 y que concluy\u00f3 con la exposici\u00f3n que llev\u00f3 su mismo nombre. Los textos expuestos \u201cintentan plantear algunas preguntas y propiciar un reconocimiento de los bogotanos frente a expresiones y espacios comunes que est\u00e1n en la escena urbana de Bogot\u00e1\u201d.<\/span><\/p>\n<p>Sin embargo, queda un gran trabajo por hacer para enmarcar estas representaciones de cultura popular en un contexto hist\u00f3rico y sociocultural y, para pensarlas m\u00e1s all\u00e1 de elementos kitsch, pensarlas como patrimonio de la ciudad.<\/p>\n<p><strong>Autor:<\/strong>\u00a0Instituto Distrital de Cultura y Turismo<br \/>\n<strong>A\u00f1o:<\/strong> 2004<\/p>\n<p>&nbsp;<\/p>\n<p><a href=\"https:\/\/idpc.gov.co\/publicaciones\/descargas\/invisible.pdf\"><img decoding=\"async\" class=\"alignleft wp-image-11737 size-full\" src=\"https:\/\/idpc.gov.co\/publicaciones\/wp-content\/uploads\/2019\/03\/descargar115.png\" alt=\"\" width=\"158\" height=\"49\" \/><\/a><\/p>\n<p><strong>L<\/strong><strong>icencia de Creative Commons: Atribuci\u00f3n\u00a0\u2013 No comercial\u00a0\u2013\u00a0Sin Derivar.\u00a0Esta licencia solo permite la descarga de esta obra para compartirla con otras personas, siempre y cuando se reconozca su autor\u00eda. La obra no se puede modificar de ninguna manera, ni se puede utilizar comercialmente.<\/strong><\/p>\n","protected":false},"featured_media":579,"comment_status":"open","ping_status":"closed","template":"","meta":{"_acf_changed":false},"product_brand":[],"product_cat":[101,105],"product_tag":[],"class_list":{"0":"post-498","1":"product","2":"type-product","3":"status-publish","4":"has-post-thumbnail","6":"product_cat-lugares_y_tiempos","7":"product_cat-memorias_museo","9":"first","10":"instock","11":"shipping-taxable","12":"purchasable","13":"product-type-simple"},"acf":[],"_links":{"self":[{"href":"https:\/\/idpc.gov.co\/publicaciones\/wp-json\/wp\/v2\/product\/498","targetHints":{"allow":["GET"]}}],"collection":[{"href":"https:\/\/idpc.gov.co\/publicaciones\/wp-json\/wp\/v2\/product"}],"about":[{"href":"https:\/\/idpc.gov.co\/publicaciones\/wp-json\/wp\/v2\/types\/product"}],"replies":[{"embeddable":true,"href":"https:\/\/idpc.gov.co\/publicaciones\/wp-json\/wp\/v2\/comments?post=498"}],"wp:featuredmedia":[{"embeddable":true,"href":"https:\/\/idpc.gov.co\/publicaciones\/wp-json\/wp\/v2\/media\/579"}],"wp:attachment":[{"href":"https:\/\/idpc.gov.co\/publicaciones\/wp-json\/wp\/v2\/media?parent=498"}],"wp:term":[{"taxonomy":"product_brand","embeddable":true,"href":"https:\/\/idpc.gov.co\/publicaciones\/wp-json\/wp\/v2\/product_brand?post=498"},{"taxonomy":"product_cat","embeddable":true,"href":"https:\/\/idpc.gov.co\/publicaciones\/wp-json\/wp\/v2\/product_cat?post=498"},{"taxonomy":"product_tag","embeddable":true,"href":"https:\/\/idpc.gov.co\/publicaciones\/wp-json\/wp\/v2\/product_tag?post=498"}],"curies":[{"name":"wp","href":"https:\/\/api.w.org\/{rel}","templated":true}]}}