{"id":477,"date":"2018-01-27T14:37:35","date_gmt":"2018-01-27T19:37:35","guid":{"rendered":"https:\/\/idpc.gov.co\/publicaciones\/?post_type=product&#038;p=477"},"modified":"2024-04-30T22:38:08","modified_gmt":"2024-05-01T03:38:08","slug":"la-fotografia-urbana-maquina-del-tiempo","status":"publish","type":"product","link":"https:\/\/idpc.gov.co\/publicaciones\/producto\/la-fotografia-urbana-maquina-del-tiempo\/","title":{"rendered":"La fotograf\u00eda urbana. M\u00e1quina del tiempo"},"content":{"rendered":"<div style=\"position: relative; padding-top: max(60%,326px); height: 0; width: 100%;\"><iframe style=\"position: absolute; border: none; width: 100%; height: 100%; left: 0; right: 0; top: 0; bottom: 0;\" src=\"https:\/\/e.issuu.com\/embed.html?d=maquina_2f738d7998f191&amp;u=patrimoniobogota\" sandbox=\"allow-top-navigation allow-top-navigation-by-user-activation allow-downloads allow-scripts allow-same-origin allow-popups allow-modals allow-popups-to-escape-sandbox\" allowfullscreen=\"allowfullscreen\"><\/iframe><\/div>\n","protected":false},"excerpt":{"rendered":"<p><span class=\"subtitulo\">Bogot\u00e1 ha experimentado en el \u00faltimo siglo una serie de cambios en su arquitectura, que se ve reflejado en nuevas edificaciones y obras de infraestructura.<\/span><\/p>\n<p>Algunas pasaron a convertirse en hitos identificables de la ciudad, mientras otras han desaparecido ante los ojos de los bogotanos, con pesar para muchos; la transformaci\u00f3n de la ciudad ha sido vertiginosa y pocas veces ha dado espacio para asimilarla.<br \/>\nLa exposici\u00f3n, La fotograf\u00eda urbana: m\u00e1quina del tiempo, y el cat\u00e1logo que lleva el mismo nombre, se proponen hacer revista a estas transformaciones.<\/p>\n<p>En la primera parte se hace una breve reflexi\u00f3n sobre la fotograf\u00eda urbana, el papel que cumple como \u201cm\u00e1quina de tiempo\u201d y la importancia documental que tiene para los investigadores e interesados en todo lo relacionado con la ciudad y su historia; en una segunda parte, expone una peque\u00f1a muestra de la exposici\u00f3n, que consiste en fotos contrastantes, antiguas y contempor\u00e1neas, de sectores de la ciudad: la Plaza de Bol\u00edvar, el Parque Santander, la avenida Jim\u00e9nez y el sector de San Diego.<\/p>\n<p><strong>Autor:<\/strong>\u00a0 Instituto de Cultura y Turismo<br \/>\n<strong>A\u00f1o:<\/strong> 2004<\/p>\n","protected":false},"featured_media":574,"comment_status":"open","ping_status":"closed","template":"","meta":{"_acf_changed":false},"product_brand":[],"product_cat":[102],"product_tag":[],"class_list":{"0":"post-477","1":"product","2":"type-product","3":"status-publish","4":"has-post-thumbnail","6":"product_cat-exploraciones_y_recorridos","8":"first","9":"instock","10":"shipping-taxable","11":"purchasable","12":"product-type-simple"},"acf":[],"_links":{"self":[{"href":"https:\/\/idpc.gov.co\/publicaciones\/wp-json\/wp\/v2\/product\/477","targetHints":{"allow":["GET"]}}],"collection":[{"href":"https:\/\/idpc.gov.co\/publicaciones\/wp-json\/wp\/v2\/product"}],"about":[{"href":"https:\/\/idpc.gov.co\/publicaciones\/wp-json\/wp\/v2\/types\/product"}],"replies":[{"embeddable":true,"href":"https:\/\/idpc.gov.co\/publicaciones\/wp-json\/wp\/v2\/comments?post=477"}],"wp:featuredmedia":[{"embeddable":true,"href":"https:\/\/idpc.gov.co\/publicaciones\/wp-json\/wp\/v2\/media\/574"}],"wp:attachment":[{"href":"https:\/\/idpc.gov.co\/publicaciones\/wp-json\/wp\/v2\/media?parent=477"}],"wp:term":[{"taxonomy":"product_brand","embeddable":true,"href":"https:\/\/idpc.gov.co\/publicaciones\/wp-json\/wp\/v2\/product_brand?post=477"},{"taxonomy":"product_cat","embeddable":true,"href":"https:\/\/idpc.gov.co\/publicaciones\/wp-json\/wp\/v2\/product_cat?post=477"},{"taxonomy":"product_tag","embeddable":true,"href":"https:\/\/idpc.gov.co\/publicaciones\/wp-json\/wp\/v2\/product_tag?post=477"}],"curies":[{"name":"wp","href":"https:\/\/api.w.org\/{rel}","templated":true}]}}