{"id":475,"date":"2018-04-11T18:45:40","date_gmt":"2018-04-11T23:45:40","guid":{"rendered":"https:\/\/idpc.gov.co\/publicaciones\/?post_type=product&#038;p=475"},"modified":"2024-04-30T22:17:43","modified_gmt":"2024-05-01T03:17:43","slug":"paul-beer-metamorfosis-de-una-ciudad","status":"publish","type":"product","link":"https:\/\/idpc.gov.co\/publicaciones\/producto\/paul-beer-metamorfosis-de-una-ciudad\/","title":{"rendered":"Paul Beer. Metamorfosis de una ciudad"},"content":{"rendered":"<p><iframe style=\"border: none; width: 100%; height: 326px;\" src=\"\/\/e.issuu.com\/embed.html?d=paul_beer._metamorfosis_de_una_ciud&amp;u=patrimoniobogota\" allowfullscreen=\"allowfullscreen\"><\/iframe><\/p>\n","protected":false},"excerpt":{"rendered":"<p><span class=\"subtitulo\">Lo que empez\u00f3 siendo trabajos fotogr\u00e1ficos por encargo para oficinas de arquitectos, es hoy uno de los principales registros del proceso de transformaci\u00f3n urbana de Bogot\u00e1. Esa es la obra de Paul Beer. Este libro va desde la aproximaci\u00f3n desprevenida de quien no conoce su obra fotogr\u00e1fica, hasta el an\u00e1lisis de la arquitectura moderna en Colombia y de la transformaci\u00f3n urbana de la ciudad.<\/span><\/p>\n<p>Abarca dos d\u00e9cadas (1950-1970) en las que se ve la transformaci\u00f3n radical de la imagen de la urbe, su funcionamiento, su forma de vida y su esp\u00edritu. Aqu\u00ed radica su importancia para el estudio de la ciudad contempor\u00e1nea, no por su valor art\u00edstico sino como instrumento pedag\u00f3gico y de investigaci\u00f3n. Las fotos de Beer son un proceso, son los testigos del cambio desde el estado primario de la construcci\u00f3n hasta su culminaci\u00f3n:<br \/>\n\u201cEs reiterativo el deseo de Beer de forjar una historia, una narraci\u00f3n visual de las transformaciones urbanas a trav\u00e9s de la fotograf\u00eda\u201d.<\/p>\n<p>En este sentido, Beer no solo es fot\u00f3grafo de la ciudad, es fot\u00f3grafo de la modernidad que opera en la ciudad de Bogot\u00e1, con sus elementos particulares, con sus pros y contras. No lo hace desde la perspectiva del simple observador, lo hace desde una perspectiva cr\u00edtica y participante.<br \/>\nLa exposici\u00f3n del trabajo de Paul Beer en el Museo de Bogot\u00e1 es una invitaci\u00f3n a pensar la ciudad en su patrimonio hist\u00f3rico, \u201cque empieza a convivir en la cotidianidad y en el imaginario de las personas. Patrimonio del cual parad\u00f3jicamente no siempre se tiene conciencia por tenerlo demasiado cerca y estar inmerso en una cotidianidad que se parece mucho a la indiferencia\u201d.<\/p>\n<p><strong>Autor:<\/strong> Corporaci\u00f3n La Candelaria (Hoy Instituto Distrital de Patrimonio Cultural).<br \/>\n<strong>A\u00f1o:<\/strong> 2005<\/p>\n","protected":false},"featured_media":702,"comment_status":"open","ping_status":"closed","template":"","meta":{"_acf_changed":false},"product_brand":[],"product_cat":[91],"product_tag":[],"class_list":{"0":"post-475","1":"product","2":"type-product","3":"status-publish","4":"has-post-thumbnail","6":"product_cat-nombres_propios","8":"first","9":"instock","10":"shipping-taxable","11":"purchasable","12":"product-type-simple"},"acf":[],"_links":{"self":[{"href":"https:\/\/idpc.gov.co\/publicaciones\/wp-json\/wp\/v2\/product\/475","targetHints":{"allow":["GET"]}}],"collection":[{"href":"https:\/\/idpc.gov.co\/publicaciones\/wp-json\/wp\/v2\/product"}],"about":[{"href":"https:\/\/idpc.gov.co\/publicaciones\/wp-json\/wp\/v2\/types\/product"}],"replies":[{"embeddable":true,"href":"https:\/\/idpc.gov.co\/publicaciones\/wp-json\/wp\/v2\/comments?post=475"}],"wp:featuredmedia":[{"embeddable":true,"href":"https:\/\/idpc.gov.co\/publicaciones\/wp-json\/wp\/v2\/media\/702"}],"wp:attachment":[{"href":"https:\/\/idpc.gov.co\/publicaciones\/wp-json\/wp\/v2\/media?parent=475"}],"wp:term":[{"taxonomy":"product_brand","embeddable":true,"href":"https:\/\/idpc.gov.co\/publicaciones\/wp-json\/wp\/v2\/product_brand?post=475"},{"taxonomy":"product_cat","embeddable":true,"href":"https:\/\/idpc.gov.co\/publicaciones\/wp-json\/wp\/v2\/product_cat?post=475"},{"taxonomy":"product_tag","embeddable":true,"href":"https:\/\/idpc.gov.co\/publicaciones\/wp-json\/wp\/v2\/product_tag?post=475"}],"curies":[{"name":"wp","href":"https:\/\/api.w.org\/{rel}","templated":true}]}}