{"id":465,"date":"2018-02-12T13:39:13","date_gmt":"2018-02-12T18:39:13","guid":{"rendered":"https:\/\/idpc.gov.co\/publicaciones\/?post_type=product&#038;p=465"},"modified":"2024-04-30T22:38:25","modified_gmt":"2024-05-01T03:38:25","slug":"la-carrera-septima-entre-el-parque-y-la-plaza-album-de-fotografias","status":"publish","type":"product","link":"https:\/\/idpc.gov.co\/publicaciones\/producto\/la-carrera-septima-entre-el-parque-y-la-plaza-album-de-fotografias\/","title":{"rendered":"La Carrera S\u00e9ptima: entre el Parque y la Plaza. \u00c1lbum de fotograf\u00edas"},"content":{"rendered":"<p><iframe style=\"border: none; width: 100%; height: 326px;\" src=\"\/\/e.issuu.com\/embed.html?d=album_septima&amp;u=patrimoniobogota\" allowfullscreen=\"allowfullscreen\"><\/iframe><\/p>\n","protected":false},"excerpt":{"rendered":"<p>La carrera S\u00e9ptima es la avenida m\u00e1s representativa y el eje vital de Bogot\u00e1. Sobre ella se pueden leer hasta hoy la evoluci\u00f3n urbana de la ciudad a lo largo de un sinuoso recorrido, que va desde el barrio 20 de julio en el sur, hasta La Caro en inmediaciones del municipio de Ch\u00eda en el norte.<\/p>\n<p>Una consecuencia de su desarrollo fue la configuraci\u00f3n lineal sur-norte que la ciudad tuvo desde sus primeros a\u00f1os en la segunda mitad del siglo XVI hasta mediados del XX. Originalmente, la Carrera S\u00e9ptima fue una calle colonial, trazada sobre un antiguo camino ind\u00edgena que los espa\u00f1oles llamaron el Camino de la Sal o de Tunja, por comunicar primero con el pueblo de indios de Usaqu\u00e9n y la Villa de Zipaquir\u00e1 y mucho m\u00e1s al norte con la actual capital de Boyac\u00e1.<\/p>\n<p>Se origin\u00f3 como un elemento de uni\u00f3n entre los dos n\u00facleos iniciales de Santa Fe: la Plaza de San Francisco o de las Yerbas, hoy parque de Santander, lugar donde seg\u00fan el historiador y arquitecto Carlos Mart\u00ednez se celebr\u00f3 la primera misa en 1538, y la Plaza Mayor, hoy Plaza de Bol\u00edvar, que tuvo su origen en el trazado en damero que aplicaron los conquistadores en 1539.<\/p>\n<p>M\u00e1s all\u00e1 de los Monumentos Nacionales y los Bienes de Inter\u00e9s Cultural de car\u00e1cter distrital que contiene y ostenta actualmente esta v\u00eda, la S\u00e9ptima concentra la vida cotidiana: el trabajo, el juego, las onces, el temor, la protesta, el encuentro, el paseo, las entretenciones callejeras, lo comercial, el acelerado ritmo diurno y la soledad de lo nocturno. En la actualidad, el tramo de la avenida entre la Plaza de Bol\u00edvar y la calle 26 es el que tiene mayor diversidad de usos en Bogot\u00e1 y es ah\u00ed donde se encuentra la esencia del patrimonio de la carrera S\u00e9ptima, en su utilidad y en su versatilidad.<\/p>\n<p>Esta publicaci\u00f3n, propicia un recorrido de la Carrera S\u00e9ptima a trav\u00e9s de cuatro tramos: de la calle 26 a la calle 19,\u00a0 de la calle 19 a la Avenida Jim\u00e9nez, de la Avenida Jim\u00e9nez a la Plaza de de Bol\u00edvar y de la Plaza de Bol\u00edvar a la Plaza de las Cruces.\u00a0 Se trata adem\u00e1s, de una narraci\u00f3n estructurada a partir de im\u00e1genes provenientes de archivos fotogr\u00e1ficos de car\u00e1cter hist\u00f3rico y de fotograf\u00edas del programa \u00c1lbum Familiar de Bogot\u00e1.<\/p>\n<p><strong>Autor<\/strong>: Instituto Distrital de Patrimonio Cultural<br \/>\n<strong>A\u00f1o:<\/strong> 2012<\/p>\n<p>&nbsp;<\/p>\n<p><a href=\"https:\/\/idpc.gov.co\/publicaciones\/descargas\/carrera_septima.pdf\"><img decoding=\"async\" class=\"alignleft wp-image-11737 size-full\" src=\"https:\/\/idpc.gov.co\/publicaciones\/wp-content\/uploads\/2019\/03\/descargar115.png\" alt=\"\" width=\"158\" height=\"49\" \/><\/a><\/p>\n<p><strong>L<\/strong><strong>icencia de Creative Commons: Atribuci\u00f3n\u00a0\u2013 No comercial\u00a0\u2013\u00a0Sin Derivar.\u00a0Esta licencia solo permite la descarga de esta obra para compartirla con otras personas, siempre y cuando se reconozca su autor\u00eda. La obra no se puede modificar de ninguna manera, ni se puede utilizar comercialmente.<\/strong><\/p>\n","protected":false},"featured_media":572,"comment_status":"open","ping_status":"closed","template":"","meta":{"_acf_changed":false},"product_brand":[],"product_cat":[102],"product_tag":[],"class_list":{"0":"post-465","1":"product","2":"type-product","3":"status-publish","4":"has-post-thumbnail","6":"product_cat-exploraciones_y_recorridos","8":"first","9":"instock","10":"shipping-taxable","11":"purchasable","12":"product-type-simple"},"acf":[],"_links":{"self":[{"href":"https:\/\/idpc.gov.co\/publicaciones\/wp-json\/wp\/v2\/product\/465","targetHints":{"allow":["GET"]}}],"collection":[{"href":"https:\/\/idpc.gov.co\/publicaciones\/wp-json\/wp\/v2\/product"}],"about":[{"href":"https:\/\/idpc.gov.co\/publicaciones\/wp-json\/wp\/v2\/types\/product"}],"replies":[{"embeddable":true,"href":"https:\/\/idpc.gov.co\/publicaciones\/wp-json\/wp\/v2\/comments?post=465"}],"wp:featuredmedia":[{"embeddable":true,"href":"https:\/\/idpc.gov.co\/publicaciones\/wp-json\/wp\/v2\/media\/572"}],"wp:attachment":[{"href":"https:\/\/idpc.gov.co\/publicaciones\/wp-json\/wp\/v2\/media?parent=465"}],"wp:term":[{"taxonomy":"product_brand","embeddable":true,"href":"https:\/\/idpc.gov.co\/publicaciones\/wp-json\/wp\/v2\/product_brand?post=465"},{"taxonomy":"product_cat","embeddable":true,"href":"https:\/\/idpc.gov.co\/publicaciones\/wp-json\/wp\/v2\/product_cat?post=465"},{"taxonomy":"product_tag","embeddable":true,"href":"https:\/\/idpc.gov.co\/publicaciones\/wp-json\/wp\/v2\/product_tag?post=465"}],"curies":[{"name":"wp","href":"https:\/\/api.w.org\/{rel}","templated":true}]}}