{"id":461,"date":"2018-03-09T13:24:49","date_gmt":"2018-03-09T18:24:49","guid":{"rendered":"https:\/\/idpc.gov.co\/publicaciones\/?post_type=product&#038;p=461"},"modified":"2024-04-30T22:32:49","modified_gmt":"2024-05-01T03:32:49","slug":"jazz-en-bogota","status":"publish","type":"product","link":"https:\/\/idpc.gov.co\/publicaciones\/producto\/jazz-en-bogota\/","title":{"rendered":"Jazz en Bogot\u00e1"},"content":{"rendered":"<div style=\"position: relative; padding-top: max(60%,326px); height: 0; width: 100%;\"><iframe style=\"position: absolute; border: none; width: 100%; height: 100%; left: 0; right: 0; top: 0; bottom: 0;\" src=\"https:\/\/e.issuu.com\/embed.html?d=jazz_baja&amp;u=patrimoniobogota\" sandbox=\"allow-top-navigation allow-top-navigation-by-user-activation allow-downloads allow-scripts allow-same-origin allow-popups allow-modals allow-popups-to-escape-sandbox\" allowfullscreen=\"allowfullscreen\"><\/iframe><\/div>\n","protected":false},"excerpt":{"rendered":"<p><span class=\"subtitulo\">Con esta publicaci\u00f3n el Instituto Distrital de Patrimonio Cultural contribuye a los esfuerzos emprendidos por la Alcald\u00eda Mayor de Bogot\u00e1 para el ejercicio efectivo de los derechos patrimoniales y culturales de los habitantes de la ciudad, espec\u00edficamente en la investigaci\u00f3n y promoci\u00f3n del patrimonio cultural.<\/span><\/p>\n<p>Por su parte, la Orquesta Filarm\u00f3nica concreta la pol\u00edtica de est\u00edmulo a las pr\u00e1cticas musicales de excelencia que se dan en la ciudad en diferentes g\u00e9neros. Historia a partir de textos, an\u00e9cdotas y fotograf\u00edas sobre el arribo del Jazz a Bogot\u00e1, donde este g\u00e9nero musical, de procedencia norteamericana, ha tenido un particular arraigo.<\/p>\n<p><strong>Autor: <\/strong>Instituto Distrital de Patrimonio Cultural y Orquesta Filarm\u00f3nica de Bogot\u00e1<br \/>\n<strong>A\u00f1o:<\/strong> 2010<\/p>\n","protected":false},"featured_media":571,"comment_status":"open","ping_status":"closed","template":"","meta":{"_acf_changed":false},"product_brand":[],"product_cat":[104],"product_tag":[],"class_list":{"0":"post-461","1":"product","2":"type-product","3":"status-publish","4":"has-post-thumbnail","6":"product_cat-expresiones_y_agencias","8":"first","9":"instock","10":"shipping-taxable","11":"purchasable","12":"product-type-simple"},"acf":[],"_links":{"self":[{"href":"https:\/\/idpc.gov.co\/publicaciones\/wp-json\/wp\/v2\/product\/461","targetHints":{"allow":["GET"]}}],"collection":[{"href":"https:\/\/idpc.gov.co\/publicaciones\/wp-json\/wp\/v2\/product"}],"about":[{"href":"https:\/\/idpc.gov.co\/publicaciones\/wp-json\/wp\/v2\/types\/product"}],"replies":[{"embeddable":true,"href":"https:\/\/idpc.gov.co\/publicaciones\/wp-json\/wp\/v2\/comments?post=461"}],"wp:featuredmedia":[{"embeddable":true,"href":"https:\/\/idpc.gov.co\/publicaciones\/wp-json\/wp\/v2\/media\/571"}],"wp:attachment":[{"href":"https:\/\/idpc.gov.co\/publicaciones\/wp-json\/wp\/v2\/media?parent=461"}],"wp:term":[{"taxonomy":"product_brand","embeddable":true,"href":"https:\/\/idpc.gov.co\/publicaciones\/wp-json\/wp\/v2\/product_brand?post=461"},{"taxonomy":"product_cat","embeddable":true,"href":"https:\/\/idpc.gov.co\/publicaciones\/wp-json\/wp\/v2\/product_cat?post=461"},{"taxonomy":"product_tag","embeddable":true,"href":"https:\/\/idpc.gov.co\/publicaciones\/wp-json\/wp\/v2\/product_tag?post=461"}],"curies":[{"name":"wp","href":"https:\/\/api.w.org\/{rel}","templated":true}]}}