{"id":43809,"date":"2026-03-02T18:09:37","date_gmt":"2026-03-02T23:09:37","guid":{"rendered":"https:\/\/idpc.gov.co\/publicaciones\/?post_type=product&#038;p=43809"},"modified":"2026-03-02T18:09:38","modified_gmt":"2026-03-02T23:09:38","slug":"bogota-encubierta","status":"publish","type":"product","link":"https:\/\/idpc.gov.co\/publicaciones\/producto\/bogota-encubierta\/","title":{"rendered":"Bogot\u00e1 Encubierta. Cartofon\u00edas Bogotanas (1957-2025)"},"content":{"rendered":"<div style=\"position:relative;padding-top:max(60%,326px);height:0;width:100%\"><iframe allow=\"clipboard-write\" sandbox=\"allow-top-navigation allow-top-navigation-by-user-activation allow-downloads allow-scripts allow-same-origin allow-popups allow-modals allow-popups-to-escape-sandbox allow-forms\" allowfullscreen=\"true\" style=\"position:absolute;border:none;width:100%;height:100%;left:0;right:0;top:0;bottom:0;\" src=\"https:\/\/e.issuu.com\/embed.html?d=bogotaencubierta&#038;u=patrimoniobogota\"><\/iframe><\/div>\n","protected":false},"excerpt":{"rendered":"<p>El t\u00e9rmino <em>cartofon\u00edas<\/em> apela a los cruces posibles entre <em>cartograf\u00edas (mapas)<\/em>\u00a0y <em>fon\u00edas (sonidos)<\/em>. En el caso de la presente publicaci\u00f3n esta idea encuentra su lugar en una serie de im\u00e1genes de cubiertas de discos que permiten sugerir apuntes sobre espacios de la ciudad, m\u00fasica, memoria, transformaciones espaciales y paisajes ac\u00fasticos.<\/p>\n<p><em>Bogot\u00e1 encubierta: cartofon\u00edas (1957-2025)<\/em> recorre la capital a trav\u00e9s de m\u00e1s de 130 cubiertas de vinilos y discos compactos, revelando espacios y elementos emblem\u00e1ticos como los cerros Orientales, el centro hist\u00f3rico, monumentos y calles, y aludiendo a hechos y acontecimientos como el Bogotazo, la experiencia y evoluci\u00f3n del transporte p\u00fablico, o la escena musical de los a\u00f1os noventa.<\/p>\n<p>La obra invita a conectar imagen, espacio y sonido, permitiendo escuchar si un lugar \u201csuena\u201d o no, a m\u00fasicas andinas, tropicales, rock, fusiones y sonidos alternativos. No es un cat\u00e1logo ni una gu\u00eda urbana, sino una invitaci\u00f3n a reconocer la ciudad desde lo sensorial, mientras se narran y comentan sonidos como el de La Etnia, Los Speakers, Agony o Aterciopelados, pasando por La 33, Lucho Berm\u00fadez o Leonardo Fabio.<\/p>\n<p>Organizado en trece cap\u00edtulos con relatos de Luis Daniel Vega y Umberto P\u00e9rez, el libro fue concebido como un objeto que evoca el ritual del disco: posee dos cubiertas \u2014lado A y lado B\u2014 y un \u201cbonus track\u201d que invita a descubrir los ecos de una ciudad que nunca deja de sonar.<\/p>\n<p><strong>Autores<\/strong>: Luis Daniel Vega, Umberto P\u00e9rez<br \/>\n<strong>A\u00f1o<\/strong>: 2025<\/p>\n","protected":false},"featured_media":43807,"comment_status":"closed","ping_status":"closed","template":"","meta":{"_acf_changed":false},"product_brand":[],"product_cat":[102],"product_tag":[],"class_list":{"0":"post-43809","1":"product","2":"type-product","3":"status-publish","4":"has-post-thumbnail","6":"product_cat-exploraciones_y_recorridos","8":"first","9":"instock","10":"shipping-taxable","11":"purchasable","12":"product-type-simple"},"acf":[],"_links":{"self":[{"href":"https:\/\/idpc.gov.co\/publicaciones\/wp-json\/wp\/v2\/product\/43809","targetHints":{"allow":["GET"]}}],"collection":[{"href":"https:\/\/idpc.gov.co\/publicaciones\/wp-json\/wp\/v2\/product"}],"about":[{"href":"https:\/\/idpc.gov.co\/publicaciones\/wp-json\/wp\/v2\/types\/product"}],"replies":[{"embeddable":true,"href":"https:\/\/idpc.gov.co\/publicaciones\/wp-json\/wp\/v2\/comments?post=43809"}],"wp:featuredmedia":[{"embeddable":true,"href":"https:\/\/idpc.gov.co\/publicaciones\/wp-json\/wp\/v2\/media\/43807"}],"wp:attachment":[{"href":"https:\/\/idpc.gov.co\/publicaciones\/wp-json\/wp\/v2\/media?parent=43809"}],"wp:term":[{"taxonomy":"product_brand","embeddable":true,"href":"https:\/\/idpc.gov.co\/publicaciones\/wp-json\/wp\/v2\/product_brand?post=43809"},{"taxonomy":"product_cat","embeddable":true,"href":"https:\/\/idpc.gov.co\/publicaciones\/wp-json\/wp\/v2\/product_cat?post=43809"},{"taxonomy":"product_tag","embeddable":true,"href":"https:\/\/idpc.gov.co\/publicaciones\/wp-json\/wp\/v2\/product_tag?post=43809"}],"curies":[{"name":"wp","href":"https:\/\/api.w.org\/{rel}","templated":true}]}}