{"id":43533,"date":"2019-05-14T11:42:39","date_gmt":"2019-05-14T16:42:39","guid":{"rendered":"https:\/\/idpc.gov.co\/publicaciones\/?post_type=product&#038;p=43533"},"modified":"2025-05-21T16:37:26","modified_gmt":"2025-05-21T21:37:26","slug":"bogotalogo-tomos-i-y-ii","status":"publish","type":"product","link":"https:\/\/idpc.gov.co\/publicaciones\/producto\/bogotalogo-tomos-i-y-ii\/","title":{"rendered":"Bogot\u00e1logo: usos, desusos y abusos del espa\u00f1ol hablado en Bogot\u00e1 &#8211; Tomos I y II"},"content":{"rendered":"<h3><strong>Bogot\u00e1logo Tomo I<\/strong><\/h3>\n<div style=\"position: relative; padding-top: max(60%,326px); height: 0; width: 100%;\"><iframe style=\"position: absolute; border: none; width: 100%; height: 100%; left: 0; right: 0; top: 0; bottom: 0;\" src=\"https:\/\/e.issuu.com\/embed.html?d=bogotalogo-tomo1&amp;u=patrimoniobogota\" sandbox=\"allow-top-navigation allow-top-navigation-by-user-activation allow-downloads allow-scripts allow-same-origin allow-popups allow-modals allow-popups-to-escape-sandbox allow-forms\" allowfullscreen=\"allowfullscreen\"><\/iframe><\/div>\n<h3><strong>Bogot\u00e1logo Tomo II<\/strong><\/h3>\n<div style=\"position: relative; padding-top: max(60%,326px); height: 0; width: 100%;\"><iframe style=\"position: absolute; border: none; width: 100%; height: 100%; left: 0; right: 0; top: 0; bottom: 0;\" src=\"https:\/\/e.issuu.com\/embed.html?d=bogotalogo_tomo2&amp;u=patrimoniobogota\" sandbox=\"allow-top-navigation allow-top-navigation-by-user-activation allow-downloads allow-scripts allow-same-origin allow-popups allow-modals allow-popups-to-escape-sandbox allow-forms\" allowfullscreen=\"allowfullscreen\"><\/iframe><\/div>\n","protected":false},"excerpt":{"rendered":"<p>La primera edici\u00f3n del<em> Bogot\u00e1logo. Usos, desusos y abusos del espa\u00f1ol hablado en Bogot\u00e1<\/em> se public\u00f3 en 2012. Producto de una beca de investigaci\u00f3n de la convocatoria Ciudad y Patrimonio 2010, del Instituto Distrital de Patrimonio Cultural, Andr\u00e9s Ospina, su autor, propuso un diccionario que, m\u00e1s all\u00e1 de ser un inventario de t\u00e9rminos exclusivamente cachacos, con ejemplos entretenidos y muy nuestros, present\u00f3 a Bogot\u00e1 en su diversidad, en su heterogeneidad y en su dimensi\u00f3n hist\u00f3rica, como pretexto para develar la ciudad a trav\u00e9s de sus palabras y para motivar un di\u00e1logo entre generaciones.<\/p>\n<p>Esta edici\u00f3n, compuesta por dos tomos, cuenta con un pr\u00f3logo de Eduardo Arias.<\/p>\n<p><strong>Autor:<\/strong> Andr\u00e9s Ospina<br \/>\n<strong>A\u00f1o:<\/strong> 2012<\/p>\n<p><strong>Conoce tambi\u00e9n:<\/strong><\/p>\n<ul>\n<li><a href=\"https:\/\/idpc.gov.co\/publicaciones\/producto\/bogotalogo-ii-usos-desusos-y-abusos-del-espanol-hablado-en-bogota\/\"><strong>Bogot\u00e1logo 2.0 (2016) \u00bb<\/strong><\/a><\/li>\n<li><a href=\"https:\/\/idpc.gov.co\/publicaciones\/producto\/bogotalogo-3\/\"><strong>Bogot\u00e1logo 3.0 (2020) \u00bb<\/strong><\/a><\/li>\n<li>Pr\u00f3ximamente\u00a0Bogot\u00e1logo 4.0 (2025) \u00bb<\/li>\n<\/ul>\n","protected":false},"featured_media":43535,"comment_status":"closed","ping_status":"closed","template":"","meta":{"_acf_changed":false},"product_brand":[],"product_cat":[104],"product_tag":[],"class_list":{"0":"post-43533","1":"product","2":"type-product","3":"status-publish","4":"has-post-thumbnail","6":"product_cat-expresiones_y_agencias","8":"first","9":"instock","10":"shipping-taxable","11":"product-type-simple"},"acf":[],"_links":{"self":[{"href":"https:\/\/idpc.gov.co\/publicaciones\/wp-json\/wp\/v2\/product\/43533","targetHints":{"allow":["GET"]}}],"collection":[{"href":"https:\/\/idpc.gov.co\/publicaciones\/wp-json\/wp\/v2\/product"}],"about":[{"href":"https:\/\/idpc.gov.co\/publicaciones\/wp-json\/wp\/v2\/types\/product"}],"replies":[{"embeddable":true,"href":"https:\/\/idpc.gov.co\/publicaciones\/wp-json\/wp\/v2\/comments?post=43533"}],"wp:featuredmedia":[{"embeddable":true,"href":"https:\/\/idpc.gov.co\/publicaciones\/wp-json\/wp\/v2\/media\/43535"}],"wp:attachment":[{"href":"https:\/\/idpc.gov.co\/publicaciones\/wp-json\/wp\/v2\/media?parent=43533"}],"wp:term":[{"taxonomy":"product_brand","embeddable":true,"href":"https:\/\/idpc.gov.co\/publicaciones\/wp-json\/wp\/v2\/product_brand?post=43533"},{"taxonomy":"product_cat","embeddable":true,"href":"https:\/\/idpc.gov.co\/publicaciones\/wp-json\/wp\/v2\/product_cat?post=43533"},{"taxonomy":"product_tag","embeddable":true,"href":"https:\/\/idpc.gov.co\/publicaciones\/wp-json\/wp\/v2\/product_tag?post=43533"}],"curies":[{"name":"wp","href":"https:\/\/api.w.org\/{rel}","templated":true}]}}