{"id":42837,"date":"2023-12-12T10:19:37","date_gmt":"2023-12-12T15:19:37","guid":{"rendered":"https:\/\/idpc.gov.co\/publicaciones\/?post_type=product&#038;p=42837"},"modified":"2024-08-05T10:15:39","modified_gmt":"2024-08-05T15:15:39","slug":"caminos-para-la-salvaguardia-del-patrimonio-vivo","status":"publish","type":"product","link":"https:\/\/idpc.gov.co\/publicaciones\/producto\/caminos-para-la-salvaguardia-del-patrimonio-vivo\/","title":{"rendered":"Caminos para la salvaguardia del Patrimonio Vivo"},"content":{"rendered":"<p><iframe style=\"border: none; width: 100%; height: 326px;\" src=\"https:\/\/e.issuu.com\/embed.html?d=inventariosweb&amp;u=patrimoniobogota\" allowfullscreen=\"allowfullscreen\"><span data-mce-type=\"bookmark\" style=\"display: inline-block; width: 0px; overflow: hidden; line-height: 0;\" class=\"mce_SELRES_start\">\ufeff<\/span><span data-mce-type=\"bookmark\" style=\"display: inline-block; width: 0px; overflow: hidden; line-height: 0;\" class=\"mce_SELRES_start\">\ufeff<\/span><\/iframe><\/p>\n","protected":false},"excerpt":{"rendered":"<p>El proceso de <i>inventario de patrimonio vivo<\/i> que se presenta en esta publicaci\u00f3n ha sido concebido desde la mirada de la integralidad. Esta apuesta, que propende por la articulaci\u00f3n y el tejido de relaciones, ha permitido ampliar las versiones e interpretaciones que se tienen de lo patrimonial, particularmente en el contexto urbano. Desde este punto de vista, se plantean nuevas formas de valoraci\u00f3n del patrimonio cultural, y del reconocimiento de los usos, las pr\u00e1cticas y los v\u00ednculos comunitarios que lo construyen y le dan sentido.<\/p>\n<p>La elaboraci\u00f3n de un inventario de patrimonio vivo trasciende la generaci\u00f3n de listados de pr\u00e1cticas o manifestaciones. Se trata de un proceso en continua transformaci\u00f3n, que parte del supuesto de abarcar los diferentes territorios como campos de negociaci\u00f3n, tensi\u00f3n y disputa por los sentidos, y de reconocer las din\u00e1micas sociales como aquellas que configuran los diversos patrimonios.<\/p>\n<p>En esa ruta, y desde el a\u00f1o 2020, el IDPC inici\u00f3 el proceso de inventario del patrimonio vivo de Bogot\u00e1 a trav\u00e9s de una fase piloto que se desarroll\u00f3 entre junio de 2021 y octubre de 2022 en tres localidades priorizadas: Bosa, Suba y Usme. Con el prop\u00f3sito de identificar, valorar, documentar y registrar la diversidad de patrimonios de estos territorios, varios grupos de habitantes de estas localidades y el Equipo de Patrimonio Cultural Inmaterial del Instituto trabajaron en la consolidaci\u00f3n de la ruta metodol\u00f3gica y el conjunto de herramientas que se presentan en esta publicaci\u00f3n.<\/p>\n<p>A lo largo del texto se encuentran apartes de las experiencias y reflexiones construidas con los y las habitantes de estas tres localidades, con el \u00e1nimo de inspirar nuevos procesos de inventario, as\u00ed como de revelar interrogantes, oportunidades y aprendizajes que surgieron en el camino.<\/p>\n<p><strong>Autores<\/strong>: Equipo de patrimonio cultural inmaterial-IDPC<br \/>\n<strong>A\u00f1o<\/strong>: 2023<\/p>\n<p><a href=\"https:\/\/idpc.gov.co\/publicaciones\/wp-content\/uploads\/2024\/descargas\/InventariosWeb.pdf\" target=\"_blank\" rel=\"noopener\"><img decoding=\"async\" class=\"alignnone wp-image-43504\" src=\"https:\/\/idpc.gov.co\/publicaciones\/wp-content\/uploads\/2023\/12\/descargar-boton.png\" alt=\"descargar\" width=\"186\" height=\"57\" \/><\/a><\/p>\n","protected":false},"featured_media":42838,"comment_status":"open","ping_status":"closed","template":"","meta":{"_acf_changed":false},"product_brand":[],"product_cat":[103],"product_tag":[],"class_list":{"0":"post-42837","1":"product","2":"type-product","3":"status-publish","4":"has-post-thumbnail","6":"product_cat-proyecciones_y_apuestas","8":"first","9":"instock","10":"shipping-taxable","11":"purchasable","12":"product-type-simple"},"acf":[],"_links":{"self":[{"href":"https:\/\/idpc.gov.co\/publicaciones\/wp-json\/wp\/v2\/product\/42837","targetHints":{"allow":["GET"]}}],"collection":[{"href":"https:\/\/idpc.gov.co\/publicaciones\/wp-json\/wp\/v2\/product"}],"about":[{"href":"https:\/\/idpc.gov.co\/publicaciones\/wp-json\/wp\/v2\/types\/product"}],"replies":[{"embeddable":true,"href":"https:\/\/idpc.gov.co\/publicaciones\/wp-json\/wp\/v2\/comments?post=42837"}],"wp:featuredmedia":[{"embeddable":true,"href":"https:\/\/idpc.gov.co\/publicaciones\/wp-json\/wp\/v2\/media\/42838"}],"wp:attachment":[{"href":"https:\/\/idpc.gov.co\/publicaciones\/wp-json\/wp\/v2\/media?parent=42837"}],"wp:term":[{"taxonomy":"product_brand","embeddable":true,"href":"https:\/\/idpc.gov.co\/publicaciones\/wp-json\/wp\/v2\/product_brand?post=42837"},{"taxonomy":"product_cat","embeddable":true,"href":"https:\/\/idpc.gov.co\/publicaciones\/wp-json\/wp\/v2\/product_cat?post=42837"},{"taxonomy":"product_tag","embeddable":true,"href":"https:\/\/idpc.gov.co\/publicaciones\/wp-json\/wp\/v2\/product_tag?post=42837"}],"curies":[{"name":"wp","href":"https:\/\/api.w.org\/{rel}","templated":true}]}}