{"id":42831,"date":"2023-12-12T09:39:01","date_gmt":"2023-12-12T14:39:01","guid":{"rendered":"https:\/\/idpc.gov.co\/publicaciones\/?post_type=product&#038;p=42831"},"modified":"2024-04-30T22:24:10","modified_gmt":"2024-05-01T03:24:10","slug":"san-juan-de-dios","status":"publish","type":"product","link":"https:\/\/idpc.gov.co\/publicaciones\/producto\/san-juan-de-dios\/","title":{"rendered":"San Juan de Dios. Gu\u00eda Cr\u00edtica del Conjunto Hospitalario de Bogot\u00e1"},"content":{"rendered":"<p><iframe style=\"border: none; width: 100%; height: 326px;\" src=\"https:\/\/e.issuu.com\/embed.html?d=san_juan_web&amp;u=patrimoniobogota\" allowfullscreen=\"allowfullscreen\"><span data-mce-type=\"bookmark\" style=\"display: inline-block; width: 0px; overflow: hidden; line-height: 0;\" class=\"mce_SELRES_start\">\ufeff<\/span><span data-mce-type=\"bookmark\" style=\"display: inline-block; width: 0px; overflow: hidden; line-height: 0;\" class=\"mce_SELRES_start\">\ufeff<\/span><\/iframe><\/p>\n","protected":false},"excerpt":{"rendered":"<p>El acto de develar lo oculto se encuentra presente en las p\u00e1ginas de esta publicaci\u00f3n a trav\u00e9s de la labor emprendida desde el a\u00f1o 2020 por el Programa de Investigaci\u00f3n del Instituto Distrital de Patrimonio Cultural (IDPC). Se trata de una reflexi\u00f3n que genera conversaciones con el territorio, el contexto hist\u00f3rico, pol\u00edtico y el entramado social que a\u00fan sostiene al San Juan y sus edificios. En este proceso, se reconoce que el ensombrecimiento al que fue llevado el hospital tiene sus ra\u00edces en relaciones hist\u00f3ricas de poder respecto a c\u00f3mo se ha asumido la idea de minusval\u00eda a trav\u00e9s de modelos como los de la asistencia p\u00fablica, la caridad y la beneficencia. En definitiva y a lo largo de su trayectoria hist\u00f3rica, estas ideas y modelos junto con la b\u00fasqueda constante de un sistema de salud capaz de integrar los diversos actores y realidades del pa\u00eds, dieron paso a inicio del siglo XXI, a un c\u00famulo de pr\u00e1cticas financieras y administrativas que resultaron insostenibles para el funcionamiento del conjunto hospitalario y que lo llevar\u00edan finalmente a su cierre.<\/p>\n<p>El antecedente de 2002, cuando el San Juan de Dios fue declarado Monumento Nacional gracias a la iniciativa de trabajadores y trabajadoras que continuaban sin recibir una liquidaci\u00f3n oficial por parte del Estado, habla de las apuestas colectivas que buscan impedir que el hospital y los debates sociales que lo rodean, queden en el olvido. Con esa declaratoria del a\u00f1o 2002, que bien podr\u00eda entenderse como un primer logro en medio de un eslab\u00f3n de decisiones presupuestales y burocr\u00e1ticas complejas, se concret\u00f3 en 2015 la compra del hospital por parte del Distrito de Bogot\u00e1, y con ella, el inicio de distintas acciones por parte de entidades a nivel local y nacional, en miras a su reapertura.<\/p>\n<p>Desde el \u00e1mbito del IDPC, la apuesta ha sido en estos \u00faltimos a\u00f1os la de proteger y visibilizar los patrimonios del Hospital. En esa v\u00eda -y como sus autores lo se\u00f1alan- esta gu\u00eda es \u201cun medio, un acompa\u00f1ante, una excusa para que volvamos a reunirnos como ciudadanos en torno al conjunto hospitalario de La Hort\u00faa\u201d.<\/p>\n<p><strong>Autores<\/strong>: John Farf\u00e1n Rodr\u00edguez, Adriana Uribe \u00c1lvarez<br \/>\n<strong>A\u00f1o<\/strong>: 2023<\/p>\n<p><a href=\"https:\/\/libreriasiglo.com\/selloeditorial\/ipc-instituto-distrital-de-patrimonio-cultural.html\"><img decoding=\"async\" class=\"alignleft wp-image-11899 size-full\" src=\"https:\/\/idpc.gov.co\/publicaciones\/wp-content\/uploads\/2020\/12\/comprar.png\" alt=\"Comprar\" width=\"158\" height=\"49\" \/><\/a><\/p>\n","protected":false},"featured_media":42833,"comment_status":"open","ping_status":"closed","template":"","meta":{"_acf_changed":false},"product_brand":[],"product_cat":[101],"product_tag":[],"class_list":{"0":"post-42831","1":"product","2":"type-product","3":"status-publish","4":"has-post-thumbnail","6":"product_cat-lugares_y_tiempos","8":"first","9":"instock","10":"shipping-taxable","11":"purchasable","12":"product-type-simple"},"acf":[],"_links":{"self":[{"href":"https:\/\/idpc.gov.co\/publicaciones\/wp-json\/wp\/v2\/product\/42831","targetHints":{"allow":["GET"]}}],"collection":[{"href":"https:\/\/idpc.gov.co\/publicaciones\/wp-json\/wp\/v2\/product"}],"about":[{"href":"https:\/\/idpc.gov.co\/publicaciones\/wp-json\/wp\/v2\/types\/product"}],"replies":[{"embeddable":true,"href":"https:\/\/idpc.gov.co\/publicaciones\/wp-json\/wp\/v2\/comments?post=42831"}],"wp:featuredmedia":[{"embeddable":true,"href":"https:\/\/idpc.gov.co\/publicaciones\/wp-json\/wp\/v2\/media\/42833"}],"wp:attachment":[{"href":"https:\/\/idpc.gov.co\/publicaciones\/wp-json\/wp\/v2\/media?parent=42831"}],"wp:term":[{"taxonomy":"product_brand","embeddable":true,"href":"https:\/\/idpc.gov.co\/publicaciones\/wp-json\/wp\/v2\/product_brand?post=42831"},{"taxonomy":"product_cat","embeddable":true,"href":"https:\/\/idpc.gov.co\/publicaciones\/wp-json\/wp\/v2\/product_cat?post=42831"},{"taxonomy":"product_tag","embeddable":true,"href":"https:\/\/idpc.gov.co\/publicaciones\/wp-json\/wp\/v2\/product_tag?post=42831"}],"curies":[{"name":"wp","href":"https:\/\/api.w.org\/{rel}","templated":true}]}}