{"id":42799,"date":"2022-10-26T16:42:21","date_gmt":"2022-10-26T21:42:21","guid":{"rendered":"https:\/\/idpc.gov.co\/publicaciones\/?post_type=product&#038;p=42799"},"modified":"2024-04-30T22:06:25","modified_gmt":"2024-05-01T03:06:25","slug":"lineamientos-para-la-intervencion-de-espacios-publicos-patrimoniales","status":"publish","type":"product","link":"https:\/\/idpc.gov.co\/publicaciones\/producto\/lineamientos-para-la-intervencion-de-espacios-publicos-patrimoniales\/","title":{"rendered":"LINEAMIENTOS PARA LA INTERVENCI\u00d3N DE ESPACIOS P\u00daBLICOS PATRIMONIALES"},"content":{"rendered":"<p><iframe style=\"border: none; width: 100%; height: 326px;\" src=\"https:\/\/e.issuu.com\/embed.html?d=espacio_publico_cartilla1&amp;u=patrimoniobogota\" allowfullscreen=\"allowfullscreen\"><span data-mce-type=\"bookmark\" style=\"display: inline-block; width: 0px; overflow: hidden; line-height: 0;\" class=\"mce_SELRES_start\">\ufeff<\/span><\/iframe><\/p>\n<p><iframe style=\"border: none; width: 100%; height: 326px;\" src=\"https:\/\/e.issuu.com\/embed.html?d=espacio_publico_cuadernillo2&amp;u=patrimoniobogota\" allowfullscreen=\"allowfullscreen\"><span data-mce-type=\"bookmark\" style=\"display: inline-block; width: 0px; overflow: hidden; line-height: 0;\" class=\"mce_SELRES_start\">\ufeff<\/span><span data-mce-type=\"bookmark\" style=\"display: inline-block; width: 0px; overflow: hidden; line-height: 0;\" class=\"mce_SELRES_start\">\ufeff<\/span><\/iframe><\/p>\n","protected":false},"excerpt":{"rendered":"<p><i><span lang=\"ES-TRAD\">Espacios p\u00fablicos patrimoniales en Bogot\u00e1: lineamientos para su intervenci\u00f3n\u00a0<\/span><\/i><span lang=\"ES-TRAD\">re\u00fane y documenta la experiencia de los \u00faltimos tres a\u00f1os del equipo de espacio p\u00fablico del Instituto Distrital de Patrimonio Cultural en materia del acompa\u00f1amiento y la evaluaci\u00f3n de las propuestas de intervenci\u00f3n en espacios p\u00fablicos patrimoniales. Esta publicaci\u00f3n se compone de dos partes, que se presentan a manera de cuadernillos: el primero, ofrece una aproximaci\u00f3n contempor\u00e1nea a la valoraci\u00f3n urbana del espacio p\u00fablico como parte integral de un paisaje vivo y cambiante, a partir de criterios y lineamientos t\u00e9cnicos que, en prospectiva, permiten una lectura multiescalar del proyecto urbano. Esto posibilita nuevas y m\u00faltiples actividades en las que se reconocen los tejidos y modos de vida tradicionales, a la vez que se valoran los procesos de transformaci\u00f3n como un continuo hist\u00f3rico, en el sentido de la construcci\u00f3n colectiva de la memoria y la identidad. El segundo cuadernillo aborda la tem\u00e1tica de los\u00a0<\/span><span lang=\"ES-TRAD\">espacios p\u00fablicos en sectores de inter\u00e9s cultural (SIC), pues se considera pertinente ofrecer al lector las herramientas para el reconocimiento del valor patrimonial y de las problem\u00e1ticas que enfrentan estas zonas en la ciudad, con el fin de contar con una base com\u00fan para un ejercicio de intervenci\u00f3n acorde a las necesidades de cada uno de estos lugares.<\/span><\/p>\n<p><strong>Autores<\/strong>: Equipo de espacio p\u00fablico-IDPC<br \/>\n<strong>A\u00f1o:<\/strong> 2022<\/p>\n<p><strong>Descargar el Cuadernillo 1:\u00a0<\/strong><\/p>\n<p><a href=\"https:\/\/idpc.gov.co\/publicaciones\/descargas\/2022\/EspacioPublico_Cartilla1.pdf\"><img decoding=\"async\" class=\"alignnone\" src=\"https:\/\/idpc.gov.co\/publicaciones\/wp-content\/uploads\/2019\/03\/descargar115.png\" alt=\"Bot\u00f3n de descarga Cuadernillo 1 \" width=\"158\" height=\"49\" \/><\/a><\/p>\n<div class=\"woocommerce-product-details__short-description\">\n<p><strong>Descargar el Cuadernillo 2:\u00a0<\/strong><\/p>\n<p><a href=\"https:\/\/idpc.gov.co\/publicaciones\/descargas\/2022\/EspacioPublico_cartilla2.pdf\"><img decoding=\"async\" class=\"alignnone\" src=\"https:\/\/idpc.gov.co\/publicaciones\/wp-content\/uploads\/2019\/03\/descargar115.png\" alt=\"Bot\u00f3n de descarga cuadernillo 2\" width=\"158\" height=\"49\" \/><\/a><\/p>\n<p><strong>L<\/strong><strong>icencia de Creative Commons: Atribuci\u00f3n\u00a0\u2013 No comercial\u00a0\u2013\u00a0Sin Derivar.\u00a0Esta licencia solo permite la descarga de esta obra para compartirla con otras personas, siempre y cuando se reconozca su autor\u00eda. La obra no se puede modificar de ninguna manera, ni se puede utilizar comercialmente.<\/strong><\/p>\n<\/div>\n","protected":false},"featured_media":42803,"comment_status":"open","ping_status":"closed","template":"","meta":{"_acf_changed":false},"product_brand":[],"product_cat":[103],"product_tag":[],"class_list":{"0":"post-42799","1":"product","2":"type-product","3":"status-publish","4":"has-post-thumbnail","6":"product_cat-proyecciones_y_apuestas","8":"first","9":"instock","10":"shipping-taxable","11":"purchasable","12":"product-type-simple"},"acf":[],"_links":{"self":[{"href":"https:\/\/idpc.gov.co\/publicaciones\/wp-json\/wp\/v2\/product\/42799","targetHints":{"allow":["GET"]}}],"collection":[{"href":"https:\/\/idpc.gov.co\/publicaciones\/wp-json\/wp\/v2\/product"}],"about":[{"href":"https:\/\/idpc.gov.co\/publicaciones\/wp-json\/wp\/v2\/types\/product"}],"replies":[{"embeddable":true,"href":"https:\/\/idpc.gov.co\/publicaciones\/wp-json\/wp\/v2\/comments?post=42799"}],"wp:featuredmedia":[{"embeddable":true,"href":"https:\/\/idpc.gov.co\/publicaciones\/wp-json\/wp\/v2\/media\/42803"}],"wp:attachment":[{"href":"https:\/\/idpc.gov.co\/publicaciones\/wp-json\/wp\/v2\/media?parent=42799"}],"wp:term":[{"taxonomy":"product_brand","embeddable":true,"href":"https:\/\/idpc.gov.co\/publicaciones\/wp-json\/wp\/v2\/product_brand?post=42799"},{"taxonomy":"product_cat","embeddable":true,"href":"https:\/\/idpc.gov.co\/publicaciones\/wp-json\/wp\/v2\/product_cat?post=42799"},{"taxonomy":"product_tag","embeddable":true,"href":"https:\/\/idpc.gov.co\/publicaciones\/wp-json\/wp\/v2\/product_tag?post=42799"}],"curies":[{"name":"wp","href":"https:\/\/api.w.org\/{rel}","templated":true}]}}