{"id":415,"date":"2018-01-02T03:58:18","date_gmt":"2018-01-02T08:58:18","guid":{"rendered":"https:\/\/idpc.gov.co\/publicaciones\/?post_type=product&#038;p=415"},"modified":"2024-04-30T22:39:33","modified_gmt":"2024-05-01T03:39:33","slug":"pietro-cantini-semblanza-de-un-arquitecto","status":"publish","type":"product","link":"https:\/\/idpc.gov.co\/publicaciones\/producto\/pietro-cantini-semblanza-de-un-arquitecto\/","title":{"rendered":"Pietro Cantini: Semblanza de un arquitecto"},"content":{"rendered":"","protected":false},"excerpt":{"rendered":"<p class=\"subtitulo\">Este libro da a conocer la vida y obra de uno de los personajes que, con su experiencia y ense\u00f1anzas te\u00f3ricas y pr\u00e1cticas, contribuy\u00f3 al desarrollo de la arquitectura en Colombia.<\/p>\n<p>La publicaci\u00f3n busca mantener el inter\u00e9s del lector mostrando las obras de Pietro Cantini que han perdurado y las que desafortunadamente han desaparecido.<\/p>\n<p>Sin embargo, no se presenta s\u00f3lo una biograf\u00eda de este arquitecto, ya que busca mostrar en forma cronol\u00f3gica el desarrollo de sus obras y, a partir de ellas, nos lleva no simplemente a estudiar a Cantini, sino al contexto donde se desarroll\u00f3 su profesi\u00f3n, un momento en el que \u201cquer\u00edamos ser m\u00e1s europeos, en esos a\u00f1os en que se buscaba abolir en las formas arquitect\u00f3nicas cualquier referencia local\u201d, a\u00f1os cruciales que marcan el fin del siglo XIX y del comienzo del XX.<\/p>\n<p>De esta manera el libro se convierte en una herramienta \u00fatil para aquellos que quieran saber m\u00e1s sobre la historia de la arquitectura colombiana y sus transiciones.<\/p>\n<p><strong>Autor:<\/strong> Corporaci\u00f3n La Candelaria (Hoy Instituto Distrital de Patrimonio Cultural)<br \/>\n<strong>A\u00f1o:<\/strong> 1990<\/p>\n","protected":false},"featured_media":687,"comment_status":"open","ping_status":"closed","template":"","meta":{"_acf_changed":false},"product_brand":[],"product_cat":[91],"product_tag":[],"class_list":{"0":"post-415","1":"product","2":"type-product","3":"status-publish","4":"has-post-thumbnail","6":"product_cat-nombres_propios","8":"first","9":"instock","10":"virtual","11":"product-type-simple"},"acf":[],"_links":{"self":[{"href":"https:\/\/idpc.gov.co\/publicaciones\/wp-json\/wp\/v2\/product\/415","targetHints":{"allow":["GET"]}}],"collection":[{"href":"https:\/\/idpc.gov.co\/publicaciones\/wp-json\/wp\/v2\/product"}],"about":[{"href":"https:\/\/idpc.gov.co\/publicaciones\/wp-json\/wp\/v2\/types\/product"}],"replies":[{"embeddable":true,"href":"https:\/\/idpc.gov.co\/publicaciones\/wp-json\/wp\/v2\/comments?post=415"}],"wp:featuredmedia":[{"embeddable":true,"href":"https:\/\/idpc.gov.co\/publicaciones\/wp-json\/wp\/v2\/media\/687"}],"wp:attachment":[{"href":"https:\/\/idpc.gov.co\/publicaciones\/wp-json\/wp\/v2\/media?parent=415"}],"wp:term":[{"taxonomy":"product_brand","embeddable":true,"href":"https:\/\/idpc.gov.co\/publicaciones\/wp-json\/wp\/v2\/product_brand?post=415"},{"taxonomy":"product_cat","embeddable":true,"href":"https:\/\/idpc.gov.co\/publicaciones\/wp-json\/wp\/v2\/product_cat?post=415"},{"taxonomy":"product_tag","embeddable":true,"href":"https:\/\/idpc.gov.co\/publicaciones\/wp-json\/wp\/v2\/product_tag?post=415"}],"curies":[{"name":"wp","href":"https:\/\/api.w.org\/{rel}","templated":true}]}}