{"id":411,"date":"2018-05-05T22:20:52","date_gmt":"2018-05-06T03:20:52","guid":{"rendered":"https:\/\/idpc.gov.co\/publicaciones\/?post_type=product&#038;p=411"},"modified":"2024-04-30T22:39:34","modified_gmt":"2024-05-01T03:39:34","slug":"en-busca-de-thomas-reed-arquitectura-y-politica-en-el-siglo-xix","status":"publish","type":"product","link":"https:\/\/idpc.gov.co\/publicaciones\/producto\/en-busca-de-thomas-reed-arquitectura-y-politica-en-el-siglo-xix\/","title":{"rendered":"En busca de Thomas Reed. Arquitectura y pol\u00edtica en el siglo XIX"},"content":{"rendered":"<div style=\"position: relative; padding-top: max(60%,326px); height: 0; width: 100%;\"><iframe style=\"position: absolute; border: none; width: 100%; height: 100%; left: 0; right: 0; top: 0; bottom: 0;\" src=\"https:\/\/e.issuu.com\/embed.html?d=thomas_reed_web&amp;u=patrimoniobogota\" sandbox=\"allow-top-navigation allow-top-navigation-by-user-activation allow-downloads allow-scripts allow-same-origin allow-popups allow-modals allow-popups-to-escape-sandbox\" allowfullscreen=\"allowfullscreen\"><\/iframe><\/div>\n","protected":false},"excerpt":{"rendered":"<p>La primera edici\u00f3n de esta publicaci\u00f3n fue realizada en 2005 por la Corporaci\u00f3n La Candelaria, transformado hoy en el Instituto Distrital de Patrimonio Cultural (IDPC). En ese entonces, los autores Alberto Saldarriaga Roa, Jos\u00e9 Alexander Pinz\u00f3n Rivera y Alfonso Ortiz Crespo se embarcaron en lo que se convertir\u00eda en una apasionante b\u00fasqueda y reconstrucci\u00f3n de los pasos de Thomas Reed en Am\u00e9rica Latina, espec\u00edficamente en Venezuela, Ecuador y Colombia, durante buena parte del siglo XIX.<\/p>\n<p>Reed, arquitecto al que le fueron encargadas obras tan relevantes y emblem\u00e1ticas para nuestro patrimonio cultural como el Capitolio Nacional, el Pan\u00f3ptico de Cundinamarca (actual sede del Museo Nacional de Colombia) y el obelisco a Los M\u00e1rtires, entre otras, era hasta antes de haberse publicado este libro, un arquitecto citado en los textos de historia de la arquitectura, pero frente al que exist\u00edan muchas dudas y contradicciones. Las preguntas frente a este personaje tan importante para historia de los pa\u00edses de la regi\u00f3n, iniciaban con las distintas versiones acerca de su nacionalidad, el desconocimiento de la fecha y el lugar de su muerte y la incertidumbre respecto a la secuencia de su trayectoria laboral.<\/p>\n<p>En la b\u00fasqueda que supuso la figura de Thomas Reed, los autores hallaron su tumba en el Cementerio de Extranjeros de Guayaquil, Ecuador, descubrimiento que permiti\u00f3 despejar las dudas respecto a su nacionalidad (Islas de T\u00f3rtola en el Caribe Brit\u00e1nico), la fecha de muerte (26 de enero de 1878) y la de nacimiento (12 de diciembre de 1817). Gratamente, para el Instituto Distrital de Patrimonio Cultural y para los investigadores, esta \u00faltima fecha nos ofrece un motivo de celebraci\u00f3n y el incentivo para llevar a cabo la reedici\u00f3n de esta publicaci\u00f3n. En diciembre de 2017 y en el marco del bicentenario de nacimiento de Reed, decidimos actualizar este magn\u00edfico trabajo, que en 2010 ya fue premiado en la XXII Bienal Colombiana de Arquitectura en la categor\u00eda Teor\u00eda, Historia e investigaci\u00f3n. La tarea de los tres autores y del equipo de publicaciones del IDPC para esta nueva edici\u00f3n incluy\u00f3 la exploraci\u00f3n de nuevas y mejores im\u00e1genes de las obras de Reed en archivos fotogr\u00e1ficos de Ecuador y Colombia, la revisi\u00f3n de datos de la investigaci\u00f3n que han logrado precisarse a lo largo de estos a\u00f1os, la renovaci\u00f3n de imagen de los levantamientos de planos y detalles de las obras de Reed, as\u00ed como una afortunada reelaboraci\u00f3n del dise\u00f1o gr\u00e1fico de este t\u00edtulo que busca potenciar la investigaci\u00f3n de los autores y el legado del arquitecto.<\/p>\n<p><strong>Autores:<\/strong> Alberto Saldarriaga, Jos\u00e9 Alexander Pinz\u00f3n, Alfonso Ortiz Crespo, Instituto Distrital de Patrimonio Cultural<br \/>\n<strong>A\u00f1o:<\/strong> 2017<\/p>\n<p><a href=\"https:\/\/libreriasiglo.com\/selloeditorial\/ipc-instituto-distrital-de-patrimonio-cultural.html\"><img decoding=\"async\" class=\"alignleft wp-image-11899 size-full\" src=\"https:\/\/idpc.gov.co\/publicaciones\/wp-content\/uploads\/2020\/12\/comprar.png\" alt=\"Comprar\" width=\"158\" height=\"49\" \/><\/a><\/p>\n","protected":false},"featured_media":1334,"comment_status":"open","ping_status":"closed","template":"","meta":{"_acf_changed":false},"product_brand":[],"product_cat":[91],"product_tag":[],"class_list":{"0":"post-411","1":"product","2":"type-product","3":"status-publish","4":"has-post-thumbnail","6":"product_cat-nombres_propios","8":"first","9":"instock","10":"shipping-taxable","11":"purchasable","12":"product-type-simple"},"acf":[],"_links":{"self":[{"href":"https:\/\/idpc.gov.co\/publicaciones\/wp-json\/wp\/v2\/product\/411","targetHints":{"allow":["GET"]}}],"collection":[{"href":"https:\/\/idpc.gov.co\/publicaciones\/wp-json\/wp\/v2\/product"}],"about":[{"href":"https:\/\/idpc.gov.co\/publicaciones\/wp-json\/wp\/v2\/types\/product"}],"replies":[{"embeddable":true,"href":"https:\/\/idpc.gov.co\/publicaciones\/wp-json\/wp\/v2\/comments?post=411"}],"wp:featuredmedia":[{"embeddable":true,"href":"https:\/\/idpc.gov.co\/publicaciones\/wp-json\/wp\/v2\/media\/1334"}],"wp:attachment":[{"href":"https:\/\/idpc.gov.co\/publicaciones\/wp-json\/wp\/v2\/media?parent=411"}],"wp:term":[{"taxonomy":"product_brand","embeddable":true,"href":"https:\/\/idpc.gov.co\/publicaciones\/wp-json\/wp\/v2\/product_brand?post=411"},{"taxonomy":"product_cat","embeddable":true,"href":"https:\/\/idpc.gov.co\/publicaciones\/wp-json\/wp\/v2\/product_cat?post=411"},{"taxonomy":"product_tag","embeddable":true,"href":"https:\/\/idpc.gov.co\/publicaciones\/wp-json\/wp\/v2\/product_tag?post=411"}],"curies":[{"name":"wp","href":"https:\/\/api.w.org\/{rel}","templated":true}]}}

En busca de Thomas Reed. Arquitectura y política en el siglo XIX

<p>La primera edición de esta publicación fue realizada en 2005 por la Corporación La Candelaria, transformado hoy en el Instituto Distrital de Patrimonio Cultural (IDPC). En ese entonces, los autores Alberto Saldarriaga Roa, José Alexander Pinzón Rivera y Alfonso Ortiz Crespo se embarcaron en lo que se convertiría en una apasionante búsqueda y reconstrucción de los pasos de Thomas Reed en América Latina, específicamente en Venezuela, Ecuador y Colombia, durante buena parte del siglo XIX.</p>
<p>Reed, arquitecto al que le fueron encargadas obras tan relevantes y emblemáticas para nuestro patrimonio cultural como el Capitolio Nacional, el Panóptico de Cundinamarca (actual sede del Museo Nacional de Colombia) y el obelisco a Los Mártires, entre otras, era hasta antes de haberse publicado este libro, un arquitecto citado en los textos de historia de la arquitectura, pero frente al que existían muchas dudas y contradicciones. Las preguntas frente a este personaje tan importante para historia de los países de la región, iniciaban con las distintas versiones acerca de su nacionalidad, el desconocimiento de la fecha y el lugar de su muerte y la incertidumbre respecto a la secuencia de su trayectoria laboral.</p>
<p>En la búsqueda que supuso la figura de Thomas Reed, los autores hallaron su tumba en el Cementerio de Extranjeros de Guayaquil, Ecuador, descubrimiento que permitió despejar las dudas respecto a su nacionalidad (Islas de Tórtola en el Caribe Británico), la fecha de muerte (26 de enero de 1878) y la de nacimiento (12 de diciembre de 1817). Gratamente, para el Instituto Distrital de Patrimonio Cultural y para los investigadores, esta última fecha nos ofrece un motivo de celebración y el incentivo para llevar a cabo la reedición de esta publicación. En diciembre de 2017 y en el marco del bicentenario de nacimiento de Reed, decidimos actualizar este magnífico trabajo, que en 2010 ya fue premiado en la XXII Bienal Colombiana de Arquitectura en la categoría Teoría, Historia e investigación. La tarea de los tres autores y del equipo de publicaciones del IDPC para esta nueva edición incluyó la exploración de nuevas y mejores imágenes de las obras de Reed en archivos fotográficos de Ecuador y Colombia, la revisión de datos de la investigación que han logrado precisarse a lo largo de estos años, la renovación de imagen de los levantamientos de planos y detalles de las obras de Reed, así como una afortunada reelaboración del diseño gráfico de este título que busca potenciar la investigación de los autores y el legado del arquitecto.</p>
<p><strong>Autores:</strong> Alberto Saldarriaga, José Alexander Pinzón, Alfonso Ortiz Crespo, Instituto Distrital de Patrimonio Cultural<br />
<strong>Año:</strong> 2017</p>
<p><a href="https://libreriasiglo.com/selloeditorial/ipc-instituto-distrital-de-patrimonio-cultural.html"><img decoding="async" class="alignleft wp-image-11899 size-full" src="https://idpc.gov.co/publicaciones/wp-content/uploads/2020/12/comprar.png" alt="Comprar" width="158" height="49" /></a></p>
