{"id":404,"date":"2018-04-15T21:41:50","date_gmt":"2018-04-16T02:41:50","guid":{"rendered":"https:\/\/idpc.gov.co\/publicaciones\/?post_type=product&#038;p=404"},"modified":"2024-04-30T22:18:00","modified_gmt":"2024-05-01T03:18:00","slug":"fernando-martinez-sanabria","status":"publish","type":"product","link":"https:\/\/idpc.gov.co\/publicaciones\/producto\/fernando-martinez-sanabria\/","title":{"rendered":"Fernando Mart\u00ednez Sanabria"},"content":{"rendered":"<div style=\"position: relative; padding-top: max(60%,326px); height: 0; width: 100%;\"><iframe style=\"position: absolute; border: none; width: 100%; height: 100%; left: 0; right: 0; top: 0; bottom: 0;\" src=\"https:\/\/e.issuu.com\/embed.html?d=fernando_mart__nez_sanabria-issu-2&amp;u=patrimoniobogota\" sandbox=\"allow-top-navigation allow-top-navigation-by-user-activation allow-downloads allow-scripts allow-same-origin allow-popups allow-modals allow-popups-to-escape-sandbox\" allowfullscreen=\"allowfullscreen\"><\/iframe><\/div>\n","protected":false},"excerpt":{"rendered":"<div class=\"textodbpublic\">\n<p class=\"subtitulo\">Es necesario dejar huella del transcurrir de la arquitectura en Colombia, mostrar todas las corrientes que dejaron testimonio en la imagen de nuestras ciudades, volver a los pasos de los pioneros de la arquitectura que \u201cforjaron y dejaron herencia urbana y arquitect\u00f3nica\u201d.<\/p>\n<p>Con este prop\u00f3sito nace este libro, que inicia con Fernando Mart\u00ednez Sanabria la b\u00fasqueda, el estudio y el rescate del acervo cultural con que se conforma nuestro patrimonio. Sanabria particip\u00f3 en importantes proyectos arquitect\u00f3nicos como en el Plan Piloto de Tumaco (Sert y Wiener) y tuvo la oportunidad de trabajar con el c\u00e9lebre Le Corbusier en el Plan Piloto de Bogot\u00e1. Este libro escrito por colaboradores y amigos entra\u00f1ables del arquitecto es un ejemplo visual que obliga a varias lecturas, para sacar a la luz la esencia de la \u201cbuena arquitectura\u201d.<\/p>\n<p>En momentos donde parece perderse el horizonte, este libro se erige como una gu\u00eda para mantener la vigencia de los valores dejados por los que iniciaron la arquitectura moderna en Colombia.<br \/>\nEste texto es de gran acceso ya que, adem\u00e1s del material visual, se encuentra paralelamente traducido al ingl\u00e9s para que el lector angloparlante tambi\u00e9n pueda conocer sobre el patrimonio cultural colombiano reflejado en la arquitectura y las ciudades.<\/p>\n<p><strong>Autor:\u00a0 <\/strong>Instituto Distrital de Patrimonio Cultural<br \/>\n<strong>A\u00f1o: <\/strong>2008<\/p>\n<p><a href=\"https:\/\/libreriasiglo.com\/selloeditorial\/ipc-instituto-distrital-de-patrimonio-cultural.html\"><img decoding=\"async\" class=\"alignleft wp-image-11899 size-full\" src=\"https:\/\/idpc.gov.co\/publicaciones\/wp-content\/uploads\/2020\/12\/comprar.png\" alt=\"Comprar\" width=\"158\" height=\"49\" \/><\/a><\/p>\n<\/div>\n","protected":false},"featured_media":680,"comment_status":"open","ping_status":"closed","template":"","meta":{"_acf_changed":false},"product_brand":[],"product_cat":[91],"product_tag":[],"class_list":{"0":"post-404","1":"product","2":"type-product","3":"status-publish","4":"has-post-thumbnail","6":"product_cat-nombres_propios","8":"first","9":"instock","10":"shipping-taxable","11":"purchasable","12":"product-type-simple"},"acf":[],"_links":{"self":[{"href":"https:\/\/idpc.gov.co\/publicaciones\/wp-json\/wp\/v2\/product\/404","targetHints":{"allow":["GET"]}}],"collection":[{"href":"https:\/\/idpc.gov.co\/publicaciones\/wp-json\/wp\/v2\/product"}],"about":[{"href":"https:\/\/idpc.gov.co\/publicaciones\/wp-json\/wp\/v2\/types\/product"}],"replies":[{"embeddable":true,"href":"https:\/\/idpc.gov.co\/publicaciones\/wp-json\/wp\/v2\/comments?post=404"}],"wp:featuredmedia":[{"embeddable":true,"href":"https:\/\/idpc.gov.co\/publicaciones\/wp-json\/wp\/v2\/media\/680"}],"wp:attachment":[{"href":"https:\/\/idpc.gov.co\/publicaciones\/wp-json\/wp\/v2\/media?parent=404"}],"wp:term":[{"taxonomy":"product_brand","embeddable":true,"href":"https:\/\/idpc.gov.co\/publicaciones\/wp-json\/wp\/v2\/product_brand?post=404"},{"taxonomy":"product_cat","embeddable":true,"href":"https:\/\/idpc.gov.co\/publicaciones\/wp-json\/wp\/v2\/product_cat?post=404"},{"taxonomy":"product_tag","embeddable":true,"href":"https:\/\/idpc.gov.co\/publicaciones\/wp-json\/wp\/v2\/product_tag?post=404"}],"curies":[{"name":"wp","href":"https:\/\/api.w.org\/{rel}","templated":true}]}}