{"id":387,"date":"2018-04-20T18:08:06","date_gmt":"2018-04-20T23:08:06","guid":{"rendered":"https:\/\/idpc.gov.co\/publicaciones\/?post_type=product&#038;p=387"},"modified":"2024-04-30T22:16:03","modified_gmt":"2024-05-01T03:16:03","slug":"fray-domingo-de-petres-en-el-nuevo-reino-de-granada","status":"publish","type":"product","link":"https:\/\/idpc.gov.co\/publicaciones\/producto\/fray-domingo-de-petres-en-el-nuevo-reino-de-granada\/","title":{"rendered":"Fray Domingo de Petr\u00e9s en el Nuevo Reino de Granada"},"content":{"rendered":"<p><iframe style=\"border: none; width: 100%; height: 326px;\" src=\"\/\/e.issuu.com\/embed.html?d=fray_domingo_de_petr__s_en_el_nuevo&amp;u=patrimoniobogota\" allowfullscreen=\"allowfullscreen\"><span data-mce-type=\"bookmark\" style=\"display: inline-block; width: 0px; overflow: hidden; line-height: 0;\" class=\"mce_SELRES_start\">\ufeff<\/span><\/iframe><\/p>\n","protected":false},"excerpt":{"rendered":"<p><span style=\"color: #000000;\">Dos siglos se cumplieron de la muerte del primer arquitecto que lleg\u00f3\u00a0al territorio de la actual Colombia. Las obras que emprendi\u00f3 Fray\u00a0Domingo, un capuchino espa\u00f1ol que naci\u00f3 en 1759 en la peque\u00f1a\u00a0poblaci\u00f3n de Petr\u00e9s, cerca de Valencia, y muri\u00f3 en Santaf\u00e9 en 1811,\u00a0no s\u00f3lo sobrevivieron al paso del tiempo y los cambios contundentes\u00a0que desde lo pol\u00edtico, lo administrativo, lo econ\u00f3mico y lo social se\u00a0presentaron durante los casi 20 a\u00f1os que vivi\u00f3 en la Nueva Granada,\u00a0sino que fueron el referente arquitect\u00f3nico m\u00e1s importante para el\u00a0pensamiento que surgi\u00f3 con el nacimiento de la nueva Rep\u00fablica.<\/span><\/p>\n<p><strong>Autor:<\/strong> Varios,\u00a0 Instituto Distrital de Patrimonio Cultural<br \/>\n<strong>A\u00f1o:<\/strong> 2012<\/p>\n<p>&nbsp;<\/p>\n<p><a href=\"https:\/\/idpc.gov.co\/publicaciones\/descargas\/petres.pdf\"><img decoding=\"async\" class=\"alignleft wp-image-11737 size-full\" src=\"https:\/\/idpc.gov.co\/publicaciones\/wp-content\/uploads\/2019\/03\/descargar115.png\" alt=\"\" width=\"158\" height=\"49\" \/><\/a><\/p>\n<p><strong>L<\/strong><strong>icencia de Creative Commons: Atribuci\u00f3n\u00a0\u2013 No comercial\u00a0\u2013\u00a0Sin Derivar.\u00a0Esta licencia solo permite la descarga de esta obra para compartirla con otras personas, siempre y cuando se reconozca su autor\u00eda. La obra no se puede modificar de ninguna manera, ni se puede utilizar comercialmente.<\/strong><\/p>\n","protected":false},"featured_media":693,"comment_status":"open","ping_status":"closed","template":"","meta":{"_acf_changed":false},"product_brand":[],"product_cat":[91],"product_tag":[75],"class_list":{"0":"post-387","1":"product","2":"type-product","3":"status-publish","4":"has-post-thumbnail","6":"product_cat-nombres_propios","7":"product_tag-75","9":"first","10":"instock","11":"virtual","12":"purchasable","13":"product-type-simple"},"acf":[],"_links":{"self":[{"href":"https:\/\/idpc.gov.co\/publicaciones\/wp-json\/wp\/v2\/product\/387","targetHints":{"allow":["GET"]}}],"collection":[{"href":"https:\/\/idpc.gov.co\/publicaciones\/wp-json\/wp\/v2\/product"}],"about":[{"href":"https:\/\/idpc.gov.co\/publicaciones\/wp-json\/wp\/v2\/types\/product"}],"replies":[{"embeddable":true,"href":"https:\/\/idpc.gov.co\/publicaciones\/wp-json\/wp\/v2\/comments?post=387"}],"wp:featuredmedia":[{"embeddable":true,"href":"https:\/\/idpc.gov.co\/publicaciones\/wp-json\/wp\/v2\/media\/693"}],"wp:attachment":[{"href":"https:\/\/idpc.gov.co\/publicaciones\/wp-json\/wp\/v2\/media?parent=387"}],"wp:term":[{"taxonomy":"product_brand","embeddable":true,"href":"https:\/\/idpc.gov.co\/publicaciones\/wp-json\/wp\/v2\/product_brand?post=387"},{"taxonomy":"product_cat","embeddable":true,"href":"https:\/\/idpc.gov.co\/publicaciones\/wp-json\/wp\/v2\/product_cat?post=387"},{"taxonomy":"product_tag","embeddable":true,"href":"https:\/\/idpc.gov.co\/publicaciones\/wp-json\/wp\/v2\/product_tag?post=387"}],"curies":[{"name":"wp","href":"https:\/\/api.w.org\/{rel}","templated":true}]}}