{"id":1440,"date":"2018-05-01T01:04:00","date_gmt":"2018-05-01T06:04:00","guid":{"rendered":"https:\/\/idpc.gov.co\/publicaciones\/?post_type=product&#038;p=1440"},"modified":"2024-04-30T22:14:46","modified_gmt":"2024-05-01T03:14:46","slug":"german-samper-a-dibujar-se-aprende-dibujando-version-frances1","status":"publish","type":"product","link":"https:\/\/idpc.gov.co\/publicaciones\/producto\/german-samper-a-dibujar-se-aprende-dibujando-version-frances1\/","title":{"rendered":"Germ\u00e1n Samper. A dibujar se aprende dibujando (versi\u00f3n franc\u00e9s)"},"content":{"rendered":"<p><iframe style=\"border: none; width: 100%; height: 326px;\" src=\"\/\/e.issuu.com\/embed.html?d=gs_frances_web&amp;u=patrimoniobogota\" allowfullscreen=\"allowfullscreen\"><\/iframe><\/p>\n","protected":false},"excerpt":{"rendered":"<p>Esta publicaci\u00f3n aborda una retrospectiva de los apuntes y croquis de viaje de Germ\u00e1n Samper, uno de los arquitectos colombianos m\u00e1s reconocidos nacional e internacionalmente, autor de emblem\u00e1ticas edificaciones y conjuntos modernos de la capital y del pa\u00eds, varios de las cuales han sido ya declarados como Bienes de Inter\u00e9s Cultural. Es el caso del edificio Avianca, el Museo del Oro, la Sala de Conciertos de la Biblioteca Luis \u00c1ngel Arango, el edificio del SENA o la Ciudadela Colsubsidio, obras que han contribuido a forjar buena parte de la identidad de Bogot\u00e1.<\/p>\n<p>Germ\u00e1n Samper es mucho m\u00e1s que un gran arquitecto moderno. Es ante todo un humanista, en el sentido m\u00e1s amplio del t\u00e9rmino. A la manera de los grandes artistas del Renacimiento italiano, Germ\u00e1n es\u00a0 urbanista, pensador, m\u00fasico y tambi\u00e9n un artista, un dibujante como pocos.\u00a0 Sus dibujos son parte de su m\u00e9todo de estudio, en donde sus dibujos comprenden una manera de entender y recorrer los espacios, las ciudades y el mundo.<\/p>\n<p><strong>Autor:<\/strong> Instituto Distrital de Patrimonio Cultural<br \/>\n<strong>A\u00f1o:<\/strong> 2016<\/p>\n<p>&nbsp;<\/p>\n<p><a href=\"https:\/\/idpc.gov.co\/publicaciones\/descargas\/dibujarfrances.pdf\"><img decoding=\"async\" class=\"alignleft wp-image-11737 size-full\" src=\"https:\/\/idpc.gov.co\/publicaciones\/wp-content\/uploads\/2019\/03\/descargar115.png\" alt=\"\" width=\"158\" height=\"49\" \/><\/a><\/p>\n<p><strong>L<\/strong><strong>icencia de Creative Commons: Atribuci\u00f3n\u00a0\u2013 No comercial\u00a0\u2013\u00a0Sin Derivar.\u00a0Esta licencia solo permite la descarga de esta obra para compartirla con otras personas, siempre y cuando se reconozca su autor\u00eda. La obra no se puede modificar de ninguna manera, ni se puede utilizar comercialmente.<\/strong><\/p>\n","protected":false},"featured_media":1364,"comment_status":"open","ping_status":"closed","template":"","meta":{"_acf_changed":false},"product_brand":[],"product_cat":[105,91],"product_tag":[],"class_list":{"0":"post-1440","1":"product","2":"type-product","3":"status-publish","4":"has-post-thumbnail","6":"product_cat-memorias_museo","7":"product_cat-nombres_propios","9":"first","10":"instock","11":"shipping-taxable","12":"purchasable","13":"product-type-simple"},"acf":[],"_links":{"self":[{"href":"https:\/\/idpc.gov.co\/publicaciones\/wp-json\/wp\/v2\/product\/1440","targetHints":{"allow":["GET"]}}],"collection":[{"href":"https:\/\/idpc.gov.co\/publicaciones\/wp-json\/wp\/v2\/product"}],"about":[{"href":"https:\/\/idpc.gov.co\/publicaciones\/wp-json\/wp\/v2\/types\/product"}],"replies":[{"embeddable":true,"href":"https:\/\/idpc.gov.co\/publicaciones\/wp-json\/wp\/v2\/comments?post=1440"}],"wp:featuredmedia":[{"embeddable":true,"href":"https:\/\/idpc.gov.co\/publicaciones\/wp-json\/wp\/v2\/media\/1364"}],"wp:attachment":[{"href":"https:\/\/idpc.gov.co\/publicaciones\/wp-json\/wp\/v2\/media?parent=1440"}],"wp:term":[{"taxonomy":"product_brand","embeddable":true,"href":"https:\/\/idpc.gov.co\/publicaciones\/wp-json\/wp\/v2\/product_brand?post=1440"},{"taxonomy":"product_cat","embeddable":true,"href":"https:\/\/idpc.gov.co\/publicaciones\/wp-json\/wp\/v2\/product_cat?post=1440"},{"taxonomy":"product_tag","embeddable":true,"href":"https:\/\/idpc.gov.co\/publicaciones\/wp-json\/wp\/v2\/product_tag?post=1440"}],"curies":[{"name":"wp","href":"https:\/\/api.w.org\/{rel}","templated":true}]}}