{"id":1436,"date":"2018-03-06T18:45:49","date_gmt":"2018-03-06T23:45:49","guid":{"rendered":"https:\/\/idpc.gov.co\/publicaciones\/?post_type=product&#038;p=1436"},"modified":"2024-04-30T22:26:12","modified_gmt":"2024-05-01T03:26:12","slug":"candelaria-es-tu-casa-tomo-2","status":"publish","type":"product","link":"https:\/\/idpc.gov.co\/publicaciones\/producto\/candelaria-es-tu-casa-tomo-2\/","title":{"rendered":"Candelaria es tu Casa Tomo 2"},"content":{"rendered":"<p><iframe style=\"border: none; width: 100%; height: 326px;\" src=\"\/\/e.issuu.com\/embed.html?d=candelaria_parte_2_27_de_noviembre_&amp;u=patrimoniobogota\" allowfullscreen=\"allowfullscreen\"><\/iframe><\/p>\n","protected":false},"excerpt":{"rendered":"<p>El Programa \u201cCandelaria es tu Casa\u201d del Instituto Distrital de Patrimonio Cultural, desarrolla iniciativas\u00a0diversas de protecci\u00f3n y recuperaci\u00f3n en inmuebles que presentan\u00a0estado de deterioro en sus estructuras. \u00a0Este programa se inicia con\u00a0acciones de \u201ccara limpia\u201d dirigidas al mejoramiento de la imagen urbana,\u00a0a trav\u00e9s del enlucimiento y la recuperaci\u00f3n crom\u00e1tica de las\u00a0fachadas del Centro Tradicional.<\/p>\n<p>En esta publicaci\u00f3n, se presenta\u00a0 la carta \u00a0de navegaci\u00f3n del programa, y est\u00e1 dirigida a estudiantes, profesionales, especialistas y\u00a0 ciudadanos que sientan inter\u00e9s en conocer y \u00a0participar en el programa o que tengan iniciativas para el cuidado y mantenimiento del patrimonio cultural que puedan retroalimentarlo. El\u00a0 primer\u00a0 tomo\u00a0 titulado\u00a0 \u201cRecuperaci\u00f3n\u00a0 crom\u00e1tica\u00a0 de\u00a0 las\u00a0 fachadas\u201d presenta\u00a0 dos\u00a0 cap\u00edtulos.\u00a0\u00a0\u00a0 El\u00a0 primero\u00a0 explica\u00a0 qu\u00e9\u00a0 es,\u00a0 por\u00a0 qu\u00e9\u00a0 y\u00a0 para qu\u00e9 existe el programa. \u00a0El segundo cap\u00edtulo habla sobre la metodolog\u00eda,\u00a0 el\u00a0 trabajo\u00a0 desarrollado\u00a0 en\u00a0 las\u00a0 distintas\u00a0 fases\u00a0 adelantadas,\u00a0 los esquemas de ejecuci\u00f3n y los avances obtenidos.<\/p>\n<p>En el segundo tomo se presentan las dos l\u00edneas de acci\u00f3n\u00a0 a trav\u00e9s de \u00a0las cuales se lleva a cabo\u00a0 la operaci\u00f3n del programa. En la primera, \u201cRecuperaci\u00f3n Crom\u00e1tica\u201d, se describen el enfoque y los componentes t\u00e9cnico y social. La segunda l\u00ednea de acci\u00f3n se refiere al instrumento de gesti\u00f3n social del programa, denominado \u201cC\u00edrculo de Amigos de Candelaria es tu Casa\u201d. Este instrumento de gesti\u00f3n se orienta, \u00a0de un lado,\u00a0 a\u00a0 promover la participaci\u00f3n ciudadana y comunitaria en\u00a0 las acciones de recuperaci\u00f3n y mantenimiento y, de otro lado, a avanzar en la\u00a0 construcci\u00f3n de una cultura de cuidado y mantenimiento que genere sostenibilidad,\u00a0 cultura urbana, y capital social de alta calidad espacial y ambiental\u00a0con \u00f3ptimas condiciones de habitabilidad y seguridad.<\/p>\n<p><strong>Autor:<\/strong> Instituto Distrital de Patrimonio Cultural<br \/>\n<strong>A\u00f1o:<\/strong> 2015<\/p>\n<p>&nbsp;<\/p>\n<p><a href=\"https:\/\/idpc.gov.co\/publicaciones\/descargas\/candelaria2.pdf\"><img decoding=\"async\" class=\"alignleft wp-image-11737 size-full\" src=\"https:\/\/idpc.gov.co\/publicaciones\/wp-content\/uploads\/2019\/03\/descargar115.png\" alt=\"\" width=\"158\" height=\"49\" \/><\/a><\/p>\n<p><strong>L<\/strong><strong>icencia de Creative Commons: Atribuci\u00f3n\u00a0\u2013 No comercial\u00a0\u2013\u00a0Sin Derivar.\u00a0Esta licencia solo permite la descarga de esta obra para compartirla con otras personas, siempre y cuando se reconozca su autor\u00eda. La obra no se puede modificar de ninguna manera, ni se puede utilizar comercialmente.<\/strong><\/p>\n","protected":false},"featured_media":12490,"comment_status":"open","ping_status":"closed","template":"","meta":{"_acf_changed":false},"product_brand":[],"product_cat":[101],"product_tag":[],"class_list":{"0":"post-1436","1":"product","2":"type-product","3":"status-publish","4":"has-post-thumbnail","6":"product_cat-lugares_y_tiempos","8":"first","9":"instock","10":"virtual","11":"product-type-simple"},"acf":[],"_links":{"self":[{"href":"https:\/\/idpc.gov.co\/publicaciones\/wp-json\/wp\/v2\/product\/1436","targetHints":{"allow":["GET"]}}],"collection":[{"href":"https:\/\/idpc.gov.co\/publicaciones\/wp-json\/wp\/v2\/product"}],"about":[{"href":"https:\/\/idpc.gov.co\/publicaciones\/wp-json\/wp\/v2\/types\/product"}],"replies":[{"embeddable":true,"href":"https:\/\/idpc.gov.co\/publicaciones\/wp-json\/wp\/v2\/comments?post=1436"}],"wp:featuredmedia":[{"embeddable":true,"href":"https:\/\/idpc.gov.co\/publicaciones\/wp-json\/wp\/v2\/media\/12490"}],"wp:attachment":[{"href":"https:\/\/idpc.gov.co\/publicaciones\/wp-json\/wp\/v2\/media?parent=1436"}],"wp:term":[{"taxonomy":"product_brand","embeddable":true,"href":"https:\/\/idpc.gov.co\/publicaciones\/wp-json\/wp\/v2\/product_brand?post=1436"},{"taxonomy":"product_cat","embeddable":true,"href":"https:\/\/idpc.gov.co\/publicaciones\/wp-json\/wp\/v2\/product_cat?post=1436"},{"taxonomy":"product_tag","embeddable":true,"href":"https:\/\/idpc.gov.co\/publicaciones\/wp-json\/wp\/v2\/product_tag?post=1436"}],"curies":[{"name":"wp","href":"https:\/\/api.w.org\/{rel}","templated":true}]}}