{"id":1403,"date":"2020-03-19T02:23:41","date_gmt":"2020-03-19T07:23:41","guid":{"rendered":"https:\/\/idpc.gov.co\/publicaciones\/?post_type=product&#038;p=1403"},"modified":"2024-04-30T22:35:44","modified_gmt":"2024-05-01T03:35:44","slug":"bogota-en-el-centro-tiendas-con-memoria-agenda-2020-copy-2","status":"publish","type":"product","link":"https:\/\/idpc.gov.co\/publicaciones\/producto\/bogota-en-el-centro-tiendas-con-memoria-agenda-2020-copy-2\/","title":{"rendered":"Bogot\u00e1 en el centro. Tiendas con memoria. Agenda 2020"},"content":{"rendered":"<p><iframe style=\"border: none; width: 100%; height: 326px;\" src=\"\/\/e.issuu.com\/embed.html?d=agenda_tiendas_web&amp;u=patrimoniobogota\" allowfullscreen=\"allowfullscreen\"><span data-mce-type=\"bookmark\" style=\"display: inline-block; width: 0px; overflow: hidden; line-height: 0;\" class=\"mce_SELRES_start\">\ufeff<\/span><\/iframe><\/p>\n","protected":false},"excerpt":{"rendered":"<p>En el centro hist\u00f3rico de Bogot\u00e1, el comercio tradicional ha permanecido durante varias d\u00e9cadas, tanto f\u00edsicamente como en el imaginario de la ciudad. Pasteler\u00edas y restaurantes, pasajes comerciales, plazas de mercado, sombrerer\u00edas y botoner\u00edas, venta de loter\u00eda, lustre de calzado, caf\u00e9s, charcuter\u00edas y librer\u00edas, entre muchos otros, son a\u00fan referentes de memoria viva e identidad de la capital, pr\u00e1cticas que en ocasiones se relacionan con procesos hist\u00f3ricos de Bogot\u00e1 al ser contenedores de relatos de otros tiempos y, en otros casos, con bienes muebles e inmuebles patrimoniales que les confieren un sello particular como lugares de toda una vida o como perpetuadores de oficios ancestrales.<\/p>\n<p>Las actividades del comercio tradicional, dinamizadas a trav\u00e9s de un ejercicio de memoria colectiva, favorecen la transmisi\u00f3n de conocimientos y destrezas como legado entre generaciones y la apropiaci\u00f3n social de pr\u00e1cticas y h\u00e1bitos en la vida contempor\u00e1nea de la ciudad. En ese sentido, para el Instituto Distrital de Patrimonio Cultural (IDPC) resulta fundamental reconocer los valores patrimoniales del comercio tradicional en los sectores antiguos de la ciudad, no solamente con el fin de promover la salvaguardia y sostenibilidad de los oficios y actividades asociadas a este tipo de lugares, sino tambi\u00e9n para reconocer su vigencia en la vida moderna de Bogot\u00e1, adem\u00e1s de su potencial para generar nuevos sentidos de apropiaci\u00f3n del centro hist\u00f3rico.<\/p>\n<p>Esta forma de negocios y sitios de encuentro permanece en un contexto de intensas y r\u00e1pidas transformaciones urbanas; est\u00e1 sometido a presiones externas dif\u00edciles de sobrellevar, como la expansi\u00f3n de cadenas comerciales y el cambio de los h\u00e1bitos de consumo de los bogotanos. Por ello, reconocer y fortalecer las tiendas, almacenes y sectores de vocaci\u00f3n comercial tradicional implica reconocer su capacidad de adaptaci\u00f3n y su importancia para promover una ciudad sostenible desde la memoria y la vigencia de las tradiciones.<\/p>\n<p>Esta agenda es producto del trabajo adelantado hasta el momento en este campo y pretende poner en valor el comercio tradicional del centro hist\u00f3rico de Bogot\u00e1 como parte del patrimonio inmaterial bogotano, as\u00ed como sentar las bases para acciones de largo plazo que permitan su permanencia en el territorio y fortalezcan su capacidad para ser sostenibles. Es tambi\u00e9n una invitaci\u00f3n a explorar el comercio tradicional con los ojos de quien redescubre un tesoro olvidado, a visitar las tiendas con memoria y convertirse, con el tiempo y la costumbre, en ese cliente fiel a quien saludan por su nombre.<\/p>\n<p><strong>Autor: <\/strong>Instituto Distrital de Patrimonio Cultural<br \/>\n<strong>A\u00f1o:<\/strong> 2019<\/p>\n<p>&nbsp;<\/p>\n<p><a href=\"https:\/\/idpc.gov.co\/publicaciones\/descargas\/agenda2020.pdf\"><img decoding=\"async\" class=\"alignleft wp-image-11737 size-full\" src=\"https:\/\/idpc.gov.co\/publicaciones\/wp-content\/uploads\/2019\/03\/descargar115.png\" alt=\"\" width=\"158\" height=\"49\" \/><\/a><\/p>\n<p><strong>L<\/strong><strong>icencia de Creative Commons: Atribuci\u00f3n\u00a0\u2013 No comercial\u00a0\u2013\u00a0Sin Derivar.\u00a0Esta licencia solo permite la descarga de esta obra para compartirla con otras personas, siempre y cuando se reconozca su autor\u00eda. La obra no se puede modificar de ninguna manera, ni se puede utilizar comercialmente.<\/strong><\/p>\n","protected":false},"featured_media":12276,"comment_status":"open","ping_status":"closed","template":"","meta":{"_acf_changed":false},"product_brand":[],"product_cat":[102,101],"product_tag":[],"class_list":{"0":"post-1403","1":"product","2":"type-product","3":"status-publish","4":"has-post-thumbnail","6":"product_cat-exploraciones_y_recorridos","7":"product_cat-lugares_y_tiempos","9":"first","10":"instock","11":"shipping-taxable","12":"purchasable","13":"product-type-simple"},"acf":[],"_links":{"self":[{"href":"https:\/\/idpc.gov.co\/publicaciones\/wp-json\/wp\/v2\/product\/1403","targetHints":{"allow":["GET"]}}],"collection":[{"href":"https:\/\/idpc.gov.co\/publicaciones\/wp-json\/wp\/v2\/product"}],"about":[{"href":"https:\/\/idpc.gov.co\/publicaciones\/wp-json\/wp\/v2\/types\/product"}],"replies":[{"embeddable":true,"href":"https:\/\/idpc.gov.co\/publicaciones\/wp-json\/wp\/v2\/comments?post=1403"}],"wp:featuredmedia":[{"embeddable":true,"href":"https:\/\/idpc.gov.co\/publicaciones\/wp-json\/wp\/v2\/media\/12276"}],"wp:attachment":[{"href":"https:\/\/idpc.gov.co\/publicaciones\/wp-json\/wp\/v2\/media?parent=1403"}],"wp:term":[{"taxonomy":"product_brand","embeddable":true,"href":"https:\/\/idpc.gov.co\/publicaciones\/wp-json\/wp\/v2\/product_brand?post=1403"},{"taxonomy":"product_cat","embeddable":true,"href":"https:\/\/idpc.gov.co\/publicaciones\/wp-json\/wp\/v2\/product_cat?post=1403"},{"taxonomy":"product_tag","embeddable":true,"href":"https:\/\/idpc.gov.co\/publicaciones\/wp-json\/wp\/v2\/product_tag?post=1403"}],"curies":[{"name":"wp","href":"https:\/\/api.w.org\/{rel}","templated":true}]}}