{"id":1088,"date":"2019-08-14T03:53:52","date_gmt":"2019-08-14T08:53:52","guid":{"rendered":"https:\/\/idpc.gov.co\/publicaciones\/?post_type=product&#038;p=1088"},"modified":"2024-04-30T22:23:20","modified_gmt":"2024-05-01T03:23:20","slug":"la-magdalena-consolidacion-urbana-de-una-antigua-quinta-1934-1951-2","status":"publish","type":"product","link":"https:\/\/idpc.gov.co\/publicaciones\/producto\/la-magdalena-consolidacion-urbana-de-una-antigua-quinta-1934-1951-2\/","title":{"rendered":"La Magdalena, consolidaci\u00f3n urbana de una antigua quinta (1934-1951)"},"content":{"rendered":"<div style=\"position: relative; padding-top: max(60%,326px); height: 0; width: 100%;\"><iframe style=\"position: absolute; border: none; width: 100%; height: 100%; left: 0; right: 0; top: 0; bottom: 0;\" src=\"https:\/\/e.issuu.com\/embed.html?d=la_magdalena_web__1_&amp;u=patrimoniobogota\" sandbox=\"allow-top-navigation allow-top-navigation-by-user-activation allow-downloads allow-scripts allow-same-origin allow-popups allow-modals allow-popups-to-escape-sandbox\" allowfullscreen=\"allowfullscreen\"><\/iframe><\/div>\n","protected":false},"excerpt":{"rendered":"<p>El Sector de Inter\u00e9s Cultural La Magdalena fue, hasta inicios del siglo XX, una quinta que comprendi\u00f3 uno de los terrenos m\u00e1s grandes que se encontraban dentro de los antiguos ejidos de Santa Fe y que posteriormente fueron divididos para consolidarse como uno de los espacios urbanos m\u00e1s importantes entre Chapinero y el centro hist\u00f3rico de la ciudad.<\/p>\n<p>Hoy, cuando sus l\u00edmites tienden a ser confundidos con los de sus vecinos Teusaquillo y Santa Teresita, resulta determinante destacar este Sector, especialmente porque su conformaci\u00f3n obedeci\u00f3 a \u00a0la necesidad de expandir los l\u00edmites y las formas de habitar la ciudad a trav\u00e9s de importantes proyectos de urbanizaci\u00f3n.\u00a0 Estos, producto del imaginario de la \u00e9poca referido al<em>\u00a0buen vivir<\/em>\u00a0y de la compra sucesiva de terrenos y la divisi\u00f3n de predios, se dieron a la par de la contrataci\u00f3n de arquitectos y firmas de gran relevancia para el patrimonio inmueble de la ciudad como\u00a0Alberto Manrique Martin;\u00a0Casanovas &amp; Manhein;\u00a0Child, D\u00e1vila y Luzardo;\u00a0Cuellar, Serrano, G\u00f3mez;\u00a0Gaetano di Terlizzi;\u00a0Manuel H. Franco, Mart\u00ednez &amp; Hoyos; Montoya &amp; Valenzuela; Trujillo G\u00f3mez &amp; Mart\u00ednez C\u00e1rdenas;\u00a0Manuel de Vengoechea;\u00a0Rocha &amp; Santander\u00a0y\u00a0Vicente Nasi.<\/p>\n<p><strong>Autor: <\/strong>Camilo Moreno Iregui\/ Instituto Distrital de Patrimonio Cultural<br \/>\n<strong>A\u00f1o: <\/strong>2017<\/p>\n<p><a href=\"https:\/\/libreriasiglo.com\/selloeditorial\/ipc-instituto-distrital-de-patrimonio-cultural.html\"><img decoding=\"async\" class=\"alignleft wp-image-11899 size-full\" src=\"https:\/\/idpc.gov.co\/publicaciones\/wp-content\/uploads\/2020\/12\/comprar.png\" alt=\"Comprar\" width=\"158\" height=\"49\" \/><\/a><\/p>\n","protected":false},"featured_media":1340,"comment_status":"open","ping_status":"closed","template":"","meta":{"_acf_changed":false},"product_brand":[],"product_cat":[101],"product_tag":[],"class_list":{"0":"post-1088","1":"product","2":"type-product","3":"status-publish","4":"has-post-thumbnail","6":"product_cat-lugares_y_tiempos","8":"first","9":"instock","10":"shipping-taxable","11":"purchasable","12":"product-type-simple"},"acf":[],"_links":{"self":[{"href":"https:\/\/idpc.gov.co\/publicaciones\/wp-json\/wp\/v2\/product\/1088","targetHints":{"allow":["GET"]}}],"collection":[{"href":"https:\/\/idpc.gov.co\/publicaciones\/wp-json\/wp\/v2\/product"}],"about":[{"href":"https:\/\/idpc.gov.co\/publicaciones\/wp-json\/wp\/v2\/types\/product"}],"replies":[{"embeddable":true,"href":"https:\/\/idpc.gov.co\/publicaciones\/wp-json\/wp\/v2\/comments?post=1088"}],"wp:featuredmedia":[{"embeddable":true,"href":"https:\/\/idpc.gov.co\/publicaciones\/wp-json\/wp\/v2\/media\/1340"}],"wp:attachment":[{"href":"https:\/\/idpc.gov.co\/publicaciones\/wp-json\/wp\/v2\/media?parent=1088"}],"wp:term":[{"taxonomy":"product_brand","embeddable":true,"href":"https:\/\/idpc.gov.co\/publicaciones\/wp-json\/wp\/v2\/product_brand?post=1088"},{"taxonomy":"product_cat","embeddable":true,"href":"https:\/\/idpc.gov.co\/publicaciones\/wp-json\/wp\/v2\/product_cat?post=1088"},{"taxonomy":"product_tag","embeddable":true,"href":"https:\/\/idpc.gov.co\/publicaciones\/wp-json\/wp\/v2\/product_tag?post=1088"}],"curies":[{"name":"wp","href":"https:\/\/api.w.org\/{rel}","templated":true}]}}

La Magdalena, consolidación urbana de una antigua quinta (1934-1951)

<p>El Sector de Interés Cultural La Magdalena fue, hasta inicios del siglo XX, una quinta que comprendió uno de los terrenos más grandes que se encontraban dentro de los antiguos ejidos de Santa Fe y que posteriormente fueron divididos para consolidarse como uno de los espacios urbanos más importantes entre Chapinero y el centro histórico de la ciudad.</p>
<p>Hoy, cuando sus límites tienden a ser confundidos con los de sus vecinos Teusaquillo y Santa Teresita, resulta determinante destacar este Sector, especialmente porque su conformación obedeció a  la necesidad de expandir los límites y las formas de habitar la ciudad a través de importantes proyectos de urbanización.  Estos, producto del imaginario de la época referido al<em> buen vivir</em> y de la compra sucesiva de terrenos y la división de predios, se dieron a la par de la contratación de arquitectos y firmas de gran relevancia para el patrimonio inmueble de la ciudad como Alberto Manrique Martin; Casanovas &amp; Manhein; Child, Dávila y Luzardo; Cuellar, Serrano, Gómez; Gaetano di Terlizzi; Manuel H. Franco, Martínez &amp; Hoyos; Montoya &amp; Valenzuela; Trujillo Gómez &amp; Martínez Cárdenas; Manuel de Vengoechea; Rocha &amp; Santander y Vicente Nasi.</p>
<p><strong>Autor: </strong>Camilo Moreno Iregui/ Instituto Distrital de Patrimonio Cultural<br />
<strong>Año: </strong>2017</p>
<p><a href="https://libreriasiglo.com/selloeditorial/ipc-instituto-distrital-de-patrimonio-cultural.html"><img decoding="async" class="alignleft wp-image-11899 size-full" src="https://idpc.gov.co/publicaciones/wp-content/uploads/2020/12/comprar.png" alt="Comprar" width="158" height="49" /></a></p>
